{"id":15424,"date":"2022-03-28T22:15:30","date_gmt":"2022-03-28T22:15:30","guid":{"rendered":"https:\/\/www.korpulfar.is\/?page_id=15424"},"modified":"2022-03-28T22:15:30","modified_gmt":"2022-03-28T22:15:30","slug":"svona-er-lifid","status":"publish","type":"page","link":"https:\/\/korpulfar.is\/?page_id=15424","title":{"rendered":"Svona er l\u00edfi\u00f0"},"content":{"rendered":"<p><strong><em>SVONA ER L\u00cdFI\u00d0<\/em><\/strong><\/p>\n<p>&nbsp;<\/p>\n<p>Svona er l\u00edfi\u00f0<\/p>\n<p>bara strit og vandr\u00e6\u00f0i<\/p>\n<p>tuttugu \u00e1r a\u00f0 l\u00e6ra a\u00f0 lesa<\/p>\n<p>tuttugu \u00e1r a\u00f0 ala upp kr\u00f3a<\/p>\n<p>tuttugu \u00e1r \u00ed skuldabasli<\/p>\n<p>t\u00edu \u00e1r \u00feolanleg<\/p>\n<p>eftir \u00fea\u00f0 er<\/p>\n<p>hver dagur \u00f3v\u00e6ntur<\/p>\n<p>b\u00f3nus.<\/p>\n<p>&nbsp;<\/p>\n","protected":false},"excerpt":{"rendered":"<p>SVONA ER L\u00cdFI\u00d0 &nbsp; Svona er l\u00edfi\u00f0 bara strit og vandr\u00e6\u00f0i tuttugu \u00e1r a\u00f0 l\u00e6ra a\u00f0 lesa tuttugu \u00e1r a\u00f0 ala upp kr\u00f3a tuttugu \u00e1r \u00ed skuldabasli t\u00edu \u00e1r \u00feolanleg eftir \u00fea\u00f0 er hver dagur \u00f3v\u00e6ntur b\u00f3nus. &nbsp;<\/p>\n","protected":false},"author":2,"featured_media":0,"parent":0,"menu_order":0,"comment_status":"closed","ping_status":"closed","template":"","meta":[],"_links":{"self":[{"href":"https:\/\/korpulfar.is\/index.php?rest_route=\/wp\/v2\/pages\/15424"}],"collection":[{"href":"https:\/\/korpulfar.is\/index.php?rest_route=\/wp\/v2\/pages"}],"about":[{"href":"https:\/\/korpulfar.is\/index.php?rest_route=\/wp\/v2\/types\/page"}],"author":[{"embeddable":true,"href":"https:\/\/korpulfar.is\/index.php?rest_route=\/wp\/v2\/users\/2"}],"replies":[{"embeddable":true,"href":"https:\/\/korpulfar.is\/index.php?rest_route=%2Fwp%2Fv2%2Fcomments&post=15424"}],"version-history":[{"count":1,"href":"https:\/\/korpulfar.is\/index.php?rest_route=\/wp\/v2\/pages\/15424\/revisions"}],"predecessor-version":[{"id":15425,"href":"https:\/\/korpulfar.is\/index.php?rest_route=\/wp\/v2\/pages\/15424\/revisions\/15425"}],"wp:attachment":[{"href":"https:\/\/korpulfar.is\/index.php?rest_route=%2Fwp%2Fv2%2Fmedia&parent=15424"}],"curies":[{"name":"wp","href":"https:\/\/api.w.org\/{rel}","templated":true}]}}