{"id":15405,"date":"2022-03-27T11:19:03","date_gmt":"2022-03-27T11:19:03","guid":{"rendered":"https:\/\/www.korpulfar.is\/?page_id=15405"},"modified":"2022-03-27T11:19:03","modified_gmt":"2022-03-27T11:19:03","slug":"maninn","status":"publish","type":"page","link":"https:\/\/korpulfar.is\/?page_id=15405","title":{"rendered":"M\u00e1ninn"},"content":{"rendered":"<p><strong><em>M\u00c1NINN<\/em><\/strong><\/p>\n<p>&nbsp;<\/p>\n<p>M\u00e1ninn h\u00e1tt \u00e1 himni sk\u00edn<\/p>\n<p>m\u00e1ni m\u00e1ni sk\u00edn \u00e1 mig<\/p>\n<p>bl\u00e1tt lj\u00f3s \u00feitt<\/p>\n<p>er kalt og svalt<\/p>\n<p>stundum ertu h\u00e1lfur<\/p>\n<p>stundum ertu fullur<\/p>\n<p>sama er m\u00e9r<\/p>\n<p>\u00e9g er oft h\u00e1lfur<\/p>\n<p>og stundum fullur<\/p>\n<p>&nbsp;<\/p>\n","protected":false},"excerpt":{"rendered":"<p>M\u00c1NINN &nbsp; M\u00e1ninn h\u00e1tt \u00e1 himni sk\u00edn m\u00e1ni m\u00e1ni sk\u00edn \u00e1 mig bl\u00e1tt lj\u00f3s \u00feitt er kalt og svalt stundum ertu h\u00e1lfur stundum ertu fullur sama er m\u00e9r \u00e9g er oft h\u00e1lfur og stundum fullur &nbsp;<\/p>\n","protected":false},"author":2,"featured_media":0,"parent":0,"menu_order":0,"comment_status":"closed","ping_status":"closed","template":"","meta":[],"_links":{"self":[{"href":"https:\/\/korpulfar.is\/index.php?rest_route=\/wp\/v2\/pages\/15405"}],"collection":[{"href":"https:\/\/korpulfar.is\/index.php?rest_route=\/wp\/v2\/pages"}],"about":[{"href":"https:\/\/korpulfar.is\/index.php?rest_route=\/wp\/v2\/types\/page"}],"author":[{"embeddable":true,"href":"https:\/\/korpulfar.is\/index.php?rest_route=\/wp\/v2\/users\/2"}],"replies":[{"embeddable":true,"href":"https:\/\/korpulfar.is\/index.php?rest_route=%2Fwp%2Fv2%2Fcomments&post=15405"}],"version-history":[{"count":1,"href":"https:\/\/korpulfar.is\/index.php?rest_route=\/wp\/v2\/pages\/15405\/revisions"}],"predecessor-version":[{"id":15406,"href":"https:\/\/korpulfar.is\/index.php?rest_route=\/wp\/v2\/pages\/15405\/revisions\/15406"}],"wp:attachment":[{"href":"https:\/\/korpulfar.is\/index.php?rest_route=%2Fwp%2Fv2%2Fmedia&parent=15405"}],"curies":[{"name":"wp","href":"https:\/\/api.w.org\/{rel}","templated":true}]}}