{"id":15376,"date":"2022-03-26T17:46:41","date_gmt":"2022-03-26T17:46:41","guid":{"rendered":"https:\/\/www.korpulfar.is\/?page_id=15376"},"modified":"2022-03-26T17:46:41","modified_gmt":"2022-03-26T17:46:41","slug":"godur-dagur","status":"publish","type":"page","link":"https:\/\/korpulfar.is\/?page_id=15376","title":{"rendered":"G\u00f3\u00f0ur dagur"},"content":{"rendered":"<p><strong><em>G\u00d3\u00d0UR DAGUR<\/em><\/strong><\/p>\n<p>&nbsp;<\/p>\n<p>\u00c1 g\u00f3\u00f0um degi<\/p>\n<p>er gott a\u00f0 vera til<\/p>\n<p>\u00e1 g\u00f3\u00f0um degi<\/p>\n<p>gengur allt vel<\/p>\n<p>\u00e1 g\u00f3\u00f0um degi<\/p>\n<p>r\u00edkir gle\u00f0in<\/p>\n<p>\u00e1 g\u00f3\u00f0um degi<\/p>\n<p>er allt fallegt<\/p>\n<p>\u00e1 g\u00f3\u00f0um degi<\/p>\n<p>\u00fe\u00fa og \u00e9g.<\/p>\n<p>&nbsp;<\/p>\n","protected":false},"excerpt":{"rendered":"<p>G\u00d3\u00d0UR DAGUR &nbsp; \u00c1 g\u00f3\u00f0um degi er gott a\u00f0 vera til \u00e1 g\u00f3\u00f0um degi gengur allt vel \u00e1 g\u00f3\u00f0um degi r\u00edkir gle\u00f0in \u00e1 g\u00f3\u00f0um degi er allt fallegt \u00e1 g\u00f3\u00f0um degi \u00fe\u00fa og \u00e9g. &nbsp;<\/p>\n","protected":false},"author":2,"featured_media":0,"parent":0,"menu_order":0,"comment_status":"closed","ping_status":"closed","template":"","meta":[],"_links":{"self":[{"href":"https:\/\/korpulfar.is\/index.php?rest_route=\/wp\/v2\/pages\/15376"}],"collection":[{"href":"https:\/\/korpulfar.is\/index.php?rest_route=\/wp\/v2\/pages"}],"about":[{"href":"https:\/\/korpulfar.is\/index.php?rest_route=\/wp\/v2\/types\/page"}],"author":[{"embeddable":true,"href":"https:\/\/korpulfar.is\/index.php?rest_route=\/wp\/v2\/users\/2"}],"replies":[{"embeddable":true,"href":"https:\/\/korpulfar.is\/index.php?rest_route=%2Fwp%2Fv2%2Fcomments&post=15376"}],"version-history":[{"count":1,"href":"https:\/\/korpulfar.is\/index.php?rest_route=\/wp\/v2\/pages\/15376\/revisions"}],"predecessor-version":[{"id":15377,"href":"https:\/\/korpulfar.is\/index.php?rest_route=\/wp\/v2\/pages\/15376\/revisions\/15377"}],"wp:attachment":[{"href":"https:\/\/korpulfar.is\/index.php?rest_route=%2Fwp%2Fv2%2Fmedia&parent=15376"}],"curies":[{"name":"wp","href":"https:\/\/api.w.org\/{rel}","templated":true}]}}