{"id":15315,"date":"2022-03-18T22:03:01","date_gmt":"2022-03-18T22:03:01","guid":{"rendered":"https:\/\/www.korpulfar.is\/?page_id=15315"},"modified":"2022-03-18T22:03:01","modified_gmt":"2022-03-18T22:03:01","slug":"tolvuhellir","status":"publish","type":"page","link":"https:\/\/korpulfar.is\/?page_id=15315","title":{"rendered":"T\u00f6lvuhellir"},"content":{"rendered":"<div id=\"attachment_15316\" style=\"width: 1964px\" class=\"wp-caption alignleft\"><a href=\"http:\/\/www.korpulfar.is\/wp-content\/uploads\/2022\/03\/To\u0308lvuhellir.jpg\"><img aria-describedby=\"caption-attachment-15316\" decoding=\"async\" loading=\"lazy\" class=\"size-full wp-image-15316\" src=\"http:\/\/www.korpulfar.is\/wp-content\/uploads\/2022\/03\/To\u0308lvuhellir.jpg\" alt=\"\" width=\"1954\" height=\"886\" srcset=\"http:\/\/www.korpulfar.is\/wp-content\/uploads\/2022\/03\/To\u0308lvuhellir.jpg 1954w, http:\/\/www.korpulfar.is\/wp-content\/uploads\/2022\/03\/To\u0308lvuhellir-300x136.jpg 300w, http:\/\/www.korpulfar.is\/wp-content\/uploads\/2022\/03\/To\u0308lvuhellir-1024x464.jpg 1024w, http:\/\/www.korpulfar.is\/wp-content\/uploads\/2022\/03\/To\u0308lvuhellir-768x348.jpg 768w, http:\/\/www.korpulfar.is\/wp-content\/uploads\/2022\/03\/To\u0308lvuhellir-1536x696.jpg 1536w\" sizes=\"(max-width: 1954px) 100vw, 1954px\" \/><\/a><p id=\"caption-attachment-15316\" class=\"wp-caption-text\">T\u00f6lvuhellir 120&#215;55 sm. Masonit og akr\u00fdl.<\/p><\/div>\n<p>T\u00f6lvan vildi h\u00e6tta \u00feessu pu\u00f0i og gekk \u00ed hellin. Hreyfiskynjari kveikir \u00e1 lj\u00f3sd\u00ed\u00f3\u00f0um \u00feegar ma\u00f0ur n\u00e1lgast hana.<\/p>\n","protected":false},"excerpt":{"rendered":"<p>T\u00f6lvan vildi h\u00e6tta \u00feessu pu\u00f0i og gekk \u00ed hellin. Hreyfiskynjari kveikir \u00e1 lj\u00f3sd\u00ed\u00f3\u00f0um \u00feegar ma\u00f0ur n\u00e1lgast hana.<\/p>\n","protected":false},"author":2,"featured_media":0,"parent":0,"menu_order":0,"comment_status":"closed","ping_status":"closed","template":"","meta":[],"_links":{"self":[{"href":"https:\/\/korpulfar.is\/index.php?rest_route=\/wp\/v2\/pages\/15315"}],"collection":[{"href":"https:\/\/korpulfar.is\/index.php?rest_route=\/wp\/v2\/pages"}],"about":[{"href":"https:\/\/korpulfar.is\/index.php?rest_route=\/wp\/v2\/types\/page"}],"author":[{"embeddable":true,"href":"https:\/\/korpulfar.is\/index.php?rest_route=\/wp\/v2\/users\/2"}],"replies":[{"embeddable":true,"href":"https:\/\/korpulfar.is\/index.php?rest_route=%2Fwp%2Fv2%2Fcomments&post=15315"}],"version-history":[{"count":1,"href":"https:\/\/korpulfar.is\/index.php?rest_route=\/wp\/v2\/pages\/15315\/revisions"}],"predecessor-version":[{"id":15317,"href":"https:\/\/korpulfar.is\/index.php?rest_route=\/wp\/v2\/pages\/15315\/revisions\/15317"}],"wp:attachment":[{"href":"https:\/\/korpulfar.is\/index.php?rest_route=%2Fwp%2Fv2%2Fmedia&parent=15315"}],"curies":[{"name":"wp","href":"https:\/\/api.w.org\/{rel}","templated":true}]}}