{"id":15294,"date":"2022-03-18T21:11:55","date_gmt":"2022-03-18T21:11:55","guid":{"rendered":"https:\/\/www.korpulfar.is\/?page_id=15294"},"modified":"2022-03-18T21:11:55","modified_gmt":"2022-03-18T21:11:55","slug":"ljosleidari","status":"publish","type":"page","link":"https:\/\/korpulfar.is\/?page_id=15294","title":{"rendered":"Lj\u00f3slei\u00f0ari"},"content":{"rendered":"<div id=\"attachment_15295\" style=\"width: 1932px\" class=\"wp-caption alignleft\"><a href=\"http:\/\/www.korpulfar.is\/wp-content\/uploads\/2022\/03\/Ljo\u0301sleidari.jpg\"><img aria-describedby=\"caption-attachment-15295\" decoding=\"async\" loading=\"lazy\" class=\"size-full wp-image-15295\" src=\"http:\/\/www.korpulfar.is\/wp-content\/uploads\/2022\/03\/Ljo\u0301sleidari.jpg\" alt=\"\" width=\"1922\" height=\"710\" srcset=\"http:\/\/www.korpulfar.is\/wp-content\/uploads\/2022\/03\/Ljo\u0301sleidari.jpg 1922w, http:\/\/www.korpulfar.is\/wp-content\/uploads\/2022\/03\/Ljo\u0301sleidari-300x111.jpg 300w, http:\/\/www.korpulfar.is\/wp-content\/uploads\/2022\/03\/Ljo\u0301sleidari-1024x378.jpg 1024w, http:\/\/www.korpulfar.is\/wp-content\/uploads\/2022\/03\/Ljo\u0301sleidari-768x284.jpg 768w, http:\/\/www.korpulfar.is\/wp-content\/uploads\/2022\/03\/Ljo\u0301sleidari-1536x567.jpg 1536w\" sizes=\"(max-width: 1922px) 100vw, 1922px\" \/><\/a><p id=\"caption-attachment-15295\" class=\"wp-caption-text\">150&#215;55 sm. Masonit, akr\u00fdl og plastm\u00e1lning 2003<\/p><\/div>\n<p>Birtuskynjari st\u00fdrir lj\u00f3sd\u00ed\u00f3\u00f0um sem l\u00fdsa inn \u00ed enda lj\u00f3slei\u00f0ara<\/p>\n","protected":false},"excerpt":{"rendered":"<p>Birtuskynjari st\u00fdrir lj\u00f3sd\u00ed\u00f3\u00f0um sem l\u00fdsa inn \u00ed enda lj\u00f3slei\u00f0ara<\/p>\n","protected":false},"author":2,"featured_media":0,"parent":0,"menu_order":0,"comment_status":"closed","ping_status":"closed","template":"","meta":[],"_links":{"self":[{"href":"https:\/\/korpulfar.is\/index.php?rest_route=\/wp\/v2\/pages\/15294"}],"collection":[{"href":"https:\/\/korpulfar.is\/index.php?rest_route=\/wp\/v2\/pages"}],"about":[{"href":"https:\/\/korpulfar.is\/index.php?rest_route=\/wp\/v2\/types\/page"}],"author":[{"embeddable":true,"href":"https:\/\/korpulfar.is\/index.php?rest_route=\/wp\/v2\/users\/2"}],"replies":[{"embeddable":true,"href":"https:\/\/korpulfar.is\/index.php?rest_route=%2Fwp%2Fv2%2Fcomments&post=15294"}],"version-history":[{"count":1,"href":"https:\/\/korpulfar.is\/index.php?rest_route=\/wp\/v2\/pages\/15294\/revisions"}],"predecessor-version":[{"id":15296,"href":"https:\/\/korpulfar.is\/index.php?rest_route=\/wp\/v2\/pages\/15294\/revisions\/15296"}],"wp:attachment":[{"href":"https:\/\/korpulfar.is\/index.php?rest_route=%2Fwp%2Fv2%2Fmedia&parent=15294"}],"curies":[{"name":"wp","href":"https:\/\/api.w.org\/{rel}","templated":true}]}}