{"id":15272,"date":"2022-03-18T17:19:49","date_gmt":"2022-03-18T17:19:49","guid":{"rendered":"https:\/\/www.korpulfar.is\/?page_id=15272"},"modified":"2022-03-18T17:19:49","modified_gmt":"2022-03-18T17:19:49","slug":"fletir-an-titils","status":"publish","type":"page","link":"https:\/\/korpulfar.is\/?page_id=15272","title":{"rendered":"Fletir \u00e1n titils"},"content":{"rendered":"<div id=\"attachment_15273\" style=\"width: 1375px\" class=\"wp-caption alignleft\"><a href=\"http:\/\/www.korpulfar.is\/wp-content\/uploads\/2022\/03\/Fletir-a\u0301n-titils.jpg\"><img aria-describedby=\"caption-attachment-15273\" decoding=\"async\" loading=\"lazy\" class=\"size-full wp-image-15273\" src=\"http:\/\/www.korpulfar.is\/wp-content\/uploads\/2022\/03\/Fletir-a\u0301n-titils.jpg\" alt=\"\" width=\"1365\" height=\"1247\" srcset=\"http:\/\/www.korpulfar.is\/wp-content\/uploads\/2022\/03\/Fletir-a\u0301n-titils.jpg 1365w, http:\/\/www.korpulfar.is\/wp-content\/uploads\/2022\/03\/Fletir-a\u0301n-titils-300x274.jpg 300w, http:\/\/www.korpulfar.is\/wp-content\/uploads\/2022\/03\/Fletir-a\u0301n-titils-1024x935.jpg 1024w, http:\/\/www.korpulfar.is\/wp-content\/uploads\/2022\/03\/Fletir-a\u0301n-titils-768x702.jpg 768w\" sizes=\"(max-width: 1365px) 100vw, 1365px\" \/><\/a><p id=\"caption-attachment-15273\" class=\"wp-caption-text\">Fletir \u00e1n titils. Krossvi\u00f0ur, akr\u00fdl. 122&#215;120 sm.\u00a0 m\u00e1la\u00f0 2005<\/p><\/div>\n<p>&nbsp;<\/p>\n","protected":false},"excerpt":{"rendered":"<p>&nbsp;<\/p>\n","protected":false},"author":2,"featured_media":0,"parent":0,"menu_order":0,"comment_status":"closed","ping_status":"closed","template":"","meta":[],"_links":{"self":[{"href":"https:\/\/korpulfar.is\/index.php?rest_route=\/wp\/v2\/pages\/15272"}],"collection":[{"href":"https:\/\/korpulfar.is\/index.php?rest_route=\/wp\/v2\/pages"}],"about":[{"href":"https:\/\/korpulfar.is\/index.php?rest_route=\/wp\/v2\/types\/page"}],"author":[{"embeddable":true,"href":"https:\/\/korpulfar.is\/index.php?rest_route=\/wp\/v2\/users\/2"}],"replies":[{"embeddable":true,"href":"https:\/\/korpulfar.is\/index.php?rest_route=%2Fwp%2Fv2%2Fcomments&post=15272"}],"version-history":[{"count":1,"href":"https:\/\/korpulfar.is\/index.php?rest_route=\/wp\/v2\/pages\/15272\/revisions"}],"predecessor-version":[{"id":15274,"href":"https:\/\/korpulfar.is\/index.php?rest_route=\/wp\/v2\/pages\/15272\/revisions\/15274"}],"wp:attachment":[{"href":"https:\/\/korpulfar.is\/index.php?rest_route=%2Fwp%2Fv2%2Fmedia&parent=15272"}],"curies":[{"name":"wp","href":"https:\/\/api.w.org\/{rel}","templated":true}]}}