{"id":15227,"date":"2022-03-17T22:31:34","date_gmt":"2022-03-17T22:31:34","guid":{"rendered":"https:\/\/www.korpulfar.is\/?page_id=15227"},"modified":"2022-03-17T22:31:34","modified_gmt":"2022-03-17T22:31:34","slug":"budda","status":"publish","type":"page","link":"https:\/\/korpulfar.is\/?page_id=15227","title":{"rendered":"Budda"},"content":{"rendered":"<p><strong>B\u00daDDA<\/strong><\/p>\n<p><em>\u00dea\u00f0 var fyrir 2600 \u00e1rum s\u00ed\u00f0an e\u00f0a um \u00fea\u00f0 bil, a\u00f0 Siddharta G\u00e1tamai f\u00e6ddist \u00ed b\u00e6num\u00a0 <\/em>Lumbini\u00a0 sem n\u00fa er \u00ed Nepal.<\/p>\n<p>Einhverju sinni r\u00e1fa\u00f0i hann um me\u00f0 leirbr\u00fasa \u00ed hendi, \u00fea\u00f0 s\u00f3tti a\u00f0 honum svefn\u00a0 og hann lag\u00f0i sig undir tr\u00e9.<\/p>\n<p>Sumir telja a\u00f0 tr\u00e9\u00f0 hafi veri\u00f0 vi\u00f0 Bodh Caya \u00ed Biharh\u00e9ra\u00f0i \u00e1 Indlandi.<\/p>\n<p>Hann f\u00e9kk s\u00e9r sopa \u00far leirbr\u00fasanum, svo annan og annan, eftir nokkra stund datt hann \u00fataf og sofna\u00f0i.<\/p>\n<p>Hann dreymdi draum, \u00ed draumnum var illska, hatur, gr\u00e6\u00f0gi, undirf\u00f6rli og lygi mannana me\u00f0al efnis, Siddaharta bylti s\u00e9r og stundi, \u00feetta er kalla\u00f0 martr\u00f6\u00f0 n\u00fa til dags. Svitinn spratt fram \u00ed andliti hans og l\u00edkama.<\/p>\n<p><em>Budh<\/em> er sagnor\u00f0 \u00far indversku tungum\u00e1lunum pal\u00ed og sanskr\u00edt\u00a0 sem \u00fe\u00fd\u00f0ir a\u00f0 vakna e\u00f0a ver\u00f0a me\u00f0vita\u00f0ur og einnig a\u00f0 skilja.<\/p>\n<p>\u00deegar svo um s\u00ed\u00f0ir \u00feegar Siddharta vakna\u00f0i drullu \u00feunnur og me\u00f0 d\u00fandrandi h\u00f6fu\u00f0verk, skj\u00e1lfandi \u00ed einu svitaba\u00f0i, leit hann augum unglinsst\u00falku sem horf\u00f0i \u00e1 hann skelfingu lostin.<\/p>\n<p>Fyrsta sem hann heyr\u00f0i hana segja var budda, (h\u00fan var bara a\u00f0 spyrja hvort hann v\u00e6ri vakna\u00f0ur og me\u00f0 me\u00f0vitund.)<\/p>\n<p>Siddharta reis upp vi\u00f0 dogg, horf\u00f0i \u00e1 st\u00falkuna nokkra stund, Honum s\u00fdndist st\u00falkan vera af \u00f6\u00f0rum heimi, sl\u00edkum lj\u00f3ma stafa\u00f0i af henni. Svo stundi hann G\u00e1thama b\u00fadda. (G\u00e1thamai er vakna\u00f0ur)<\/p>\n<p>St\u00fakan hlj\u00f3p heim til m\u00f6mmu sinnar og hr\u00f3pa\u00f0i budda, budda. Hver er vakna\u00f0ur spur\u00f0i mamma hennar? Kallinn undir tr\u00e9nu, \u00feessi me\u00f0 leirbr\u00fasann sem \u00e9g sag\u00f0i \u00fe\u00e9r fr\u00e1 \u00ed g\u00e6r. \u00c9g h\u00e9lt hann v\u00e6ri d\u00e1inn, en hann er vakna\u00f0ur og honum l\u00ed\u00f0ur ekki vel. Eigum vi\u00f0 ekki eitthva\u00f0 til a\u00f0 gefa honum greyinu?<\/p>\n<p>Mamma st\u00falkunnar tauta\u00f0i, hva\u00f0 \u00e6tli vi\u00f0 eigum svo sem a\u00f0 skifta okkur af \u00fev\u00ed \u00fe\u00f3tt einhver fyllibytta vakni \u00ed gar\u00f0inum okkar, honum var n\u00e6r a\u00f0 drekka ekki fr\u00e1 s\u00e9r r\u00e1\u00f0 og r\u00e6nu. H\u00e9rna gef\u00f0u honum vatnssopa, og seg\u00f0u honum svo a\u00f0 snauta heim.<\/p>\n<p>St\u00falkan fer n\u00fa \u00fat \u00ed ga\u00f0inn me\u00f0 vatn \u00ed k\u00f6nnu til a\u00f0 gefa G\u00e1thamai. Hann er n\u00fa sta\u00f0inn upp og er a\u00f0 segja eitthva\u00f0.<\/p>\n<p>Ertu a\u00f0 tala vi\u00f0 mig? Spyr st\u00falkan, b\u00e6tir svo vi\u00f0, f\u00e1\u00f0u \u00fe\u00e9r vatn a\u00f0 drekka, h\u00fan r\u00e9ttir honum k\u00f6nnuna.<\/p>\n<p>G\u00e1thamai horfir \u00e1 st\u00falkuna, en henni finnst eins og hann horfi \u00ed gegnum sig, hann r\u00e6skir sig og segir. Mig dreymdi, a\u00f0 \u00e9g v\u00e6ri staddur \u00ed landi einhverssta\u00f0ar \u00fear sem var kalt og dimmt. \u00dear r\u00e9\u00f0 r\u00edkinu flokkur f\u00f3lks sem haf\u00f0i bl\u00e1an fugl \u00ed skjalarmerki s\u00ednu. Forysta \u00feessa flokks haf\u00f0i \u00fea\u00f0 a\u00f0 markmi\u00f0i a\u00f0 f\u00e6ra au\u00f0\u00e6fi f\u00f3lksins \u00ed landinu til f\u00e1rra \u00fatvalinna vina sinna. \u00deetta var gert me\u00f0 \u00fev\u00ed a\u00f0 gefa \u00feeim st\u00f6ndug fyrirt\u00e6ki sem \u00fej\u00f3\u00f0in \u00e1tti, svo sem banka, flugf\u00e9l\u00f6g, s\u00edmafyrirt\u00e6ki og fleiri g\u00f3\u00f0 fyrirt\u00e6ki.<\/p>\n<p>\u00de\u00e1 var tala\u00f0 til m\u00edn:<\/p>\n<p><strong>Ekki stela<\/strong>, ekki taka til \u00fe\u00edn sem \u00fe\u00e9r hefur ekki veri\u00f0 gefi\u00f0.<\/p>\n<p>G\u00e1thamai heldur \u00e1fram a\u00f0 tala. Mig dreymdi mann sem s\u00edfellt skamma\u00f0ist \u00fat \u00ed f\u00f3lk sem ekki a\u00f0hylltist flokk hans. Hann meira a\u00f0 segja skr\u00f6kva\u00f0i allskonar s\u00f6gum um hann og vara\u00f0i vi\u00f0 honum og hans f\u00f3lki.<\/p>\n<p>\u00de\u00e1 var tala\u00f0 til m\u00edn:<\/p>\n<p><strong>Ekki lj\u00faga<\/strong>, alltaf a\u00f0 segja sannleikann.<\/p>\n<p>Enn heldur G\u00e1thamai a\u00f0 tala. Mig dreymdi a\u00f0 \u00e9g v\u00e6ri staddur \u00ed h\u00fasi \u00fear sem margar konur voru samankomnar, \u00feetta h\u00fas var kalla\u00f0 h\u00fas Sifjar, \u00fea\u00f0 var gr\u00e6nt a\u00f0 lit me\u00f0 einhverskonar merki sem var l\u00edka gr\u00e6nt. \u00dear f\u00f3r fram nokku\u00f0 sem \u00e9g get ekki l\u00fdst almennilega en allir voru vo\u00f0a g\u00f3\u00f0ir hver vi\u00f0 annan kysstust og svolei\u00f0is.<\/p>\n<p>\u00de\u00e1 var tala\u00f0 til m\u00edn:<\/p>\n<p><strong>Ekki misnota \u00e1 \u00fe\u00e9r skrokkinn<\/strong>, me\u00f0 l\u00edkamlegum nautnum til d\u00e6mis kynl\u00edfi.<\/p>\n<p>G\u00e1thamai heldur \u00e1fram a\u00f0 segja fr\u00e1. Mig dreymdi a\u00f0 \u00e9g v\u00e6ri \u00ed landi \u00fear sem allir karlar voru vondir vi\u00f0 alla af \u00fev\u00ed a\u00f0 einhver haf\u00f0i tali\u00f0 \u00feeim hverjum fyrir sig tr\u00fa um a\u00f0 hann \u00e6tti a\u00f0 r\u00e1\u00f0a. \u00dear voru konur kl\u00e6ddar \u00ed einhverskonar fl\u00edkur sem huldu \u00fe\u00e6r fr\u00e1 hvirfli til ylja svo ekkert s\u00e1st nema \u00ed glyrnurnar \u00e1 \u00feeim. Ef einhverri \u00feeirra f\u00f3r \u00fat a\u00f0 pissa \u00e1n \u00feess a\u00f0 hylja sig alla \u00fe\u00e1 var umsvifalaust kasta\u00f0 \u00ed hana grj\u00f3ti \u00fear til h\u00fan gaf upp \u00f6ndina og d\u00f3.<\/p>\n<p>\u00de\u00e1 var tala\u00f0 til m\u00edn:<\/p>\n<p><strong>Ekki drepa<\/strong>, e\u00f0a ska\u00f0a tilfinningar annara.<\/p>\n<p>Enn segir G\u00e1thamai fr\u00e1. \u00c9g var staddur \u00ed veislu \u00fear sem drukki\u00f0 var v\u00edn me\u00f0 gullfl\u00f6gum \u00ed, \u00feetta var \u00ed bo\u00f0i f\u00f3lks sem haf\u00f0i fengi\u00f0 einn af b\u00f6nkunum a\u00f0 gj\u00f6f fr\u00e1 \u00feeim sem r\u00e9\u00f0u. N\u00f3g var af v\u00edninu svo \u00e9g var\u00f0 skruggu fullur alveg eins og \u00ed g\u00e6r.<\/p>\n<p>\u00de\u00e1 var tala\u00f0 til m\u00edn:<\/p>\n<p><strong>Ekki drekka brenniv\u00edn,<\/strong> e\u00f0a neyta annars sem getur slj\u00f3fga\u00f0 huga \u00feinn.<\/p>\n<p>G\u00e1thamai horfir sem fyrr \u00e1 st\u00falkuna, n\u00fa finnst henni ekki eins og horft s\u00e9 \u00ed gengnum sig. \u201cHver ertu eiginlega?\u201d \u201c\u00c9g er prins\u201d segir G\u00e1thamai.<\/p>\n<p>&nbsp;<\/p>\n<p>\u00c9g segi \u00fe\u00e9r st\u00falka m\u00edn a\u00f0 \u00f6ll fyrirbrig\u00f0i, hugl\u00e6g jafnt sem hlutl\u00e6g, eru st\u00f6\u00f0ugt a\u00f0 breytast. Hugl\u00e6g og hlutl\u00e6g fyrirb\u00e6ri ver\u00f0a til \u00ed margbreytilegu og fl\u00f3knu orsakasamhengi, eftir lengri e\u00f0a skemmri t\u00edma taka \u00feau a\u00f0 breytast \u00fear til a\u00f0 \u00feau hverfa og birtast \u00ed n\u00fdju formi. \u00d6ll hugl\u00e6g og hlutl\u00e6g fyrirb\u00e6ri hafa \u00e1hrif \u00e1 \u00f6nnur fyrirb\u00e6ri \u00ed \u00f3endanlegum vef orsaka og aflei\u00f0inga. \u00deetta gildir fyrir \u00f6ll fyrirb\u00e6ri. Nirvana hefur aftur \u00e1 m\u00f3ti ekki \u00e1hrif \u00e1 neitt anna\u00f0 og er \u00f3breytanlegt.<\/p>\n<p>Vegna \u00feess a\u00f0 \u00f6ll fyrirb\u00e6ri eru tengd \u00ed \u00f3endalegum vef orsaka og aflei\u00f0inga hefur tilveran ekkert upphaf. Allar l\u00edfverur hafa lifa\u00f0 \u00ed \u00f3endanlegri ke\u00f0ju af l\u00edfum, ekki svo a\u00f0 skilja a\u00f0 ein s\u00e1l hafi endurf\u00e6\u00f0st fr\u00e1 einu l\u00edfi \u00ed anna\u00f0, heldur, hugurinn endurf\u00e6\u00f0ist \u00ed samr\u00e6mi vi\u00f0 karma sem h\u00fan hefur skapa\u00f0 s\u00e9r. H\u00fan fer fr\u00e1 einu tilverustigi til annars eftir \u00fev\u00ed sem h\u00fan hefur unni\u00f0 til me\u00f0 breytni sinni \u00e1 hverju \u00e6viskei\u00f0i. Karma er l\u00f6gm\u00e1l orsaka og aflei\u00f0inga. Me\u00f0 mikilli einf\u00f6ldun m\u00e1 segja a\u00f0 g\u00f3\u00f0ar ger\u00f0ir uppskeri g\u00f3\u00f0ann a\u00f0b\u00fana\u00f0 og sl\u00e6mar ger\u00f0ir lei\u00f0i til sl\u00e6ms a\u00f0b\u00fana\u00f0ar. \u00dea\u00f0 er enginn gu\u00f0 sem d\u00e6mir e\u00f0a ver\u00f0launar. Karma er algj\u00f6rlega \u00f3pers\u00f3nulegur kraftur. Lifandi verur m\u00f3ta sitt eigi\u00f0 l\u00edf me\u00f0 heg\u00f0un og hugsun. A\u00f0 ska\u00f0a a\u00f0rar l\u00edfverur ber me\u00f0 s\u00e9r neikv\u00e6\u00f0 \u00e1hrif sem m\u00f3ta \u00fej\u00e1ningar anna\u00f0 hvort \u00ed \u00feessu l\u00edfi e\u00f0a \u00e1 n\u00e6stu tilverustigum. \u00dej\u00e1ningar heimsins orsakast b\u00e6\u00f0i af skilningsleysi \u00e1 \u00feessu sambandi og r\u00f6ngum vi\u00f0br\u00f6g\u00f0um vi\u00f0 erfi\u00f0leikum. Geir Hardi sag\u00f0i \u00feetta. \u00cd efnahagskr\u00edsu sem einhverjir vondir \u00fatlendingar hafa b\u00fai\u00f0 til. Af \u00feessu ver\u00f0ur s\u00fa \u00f3endaleg hringr\u00e1s \u00a0endurf\u00e6\u00f0inga fyrirt\u00e6kja og \u00fej\u00e1ninga sem \u00e9g nefni samsara.<\/p>\n<p>L\u00edfverur endurf\u00e6\u00f0ast \u00e1 mismunandi gervum allt eftir karma hvers og eins. Sum gervi bera me\u00f0 s\u00e9r mikla \u00fej\u00e1ningu og mannverur geta endurf\u00e6\u00f0st sem <a href=\"http:\/\/is.wikipedia.org\/wiki\/D%C3%BDr\">d\u00fdr<\/a>. En ekkert \u00feessara tilverustiga er eil\u00edft heldur l\u00edtur \u00e1hrifa hnignunar, dau\u00f0a og endurf\u00e6\u00f0ingu. Vi\u00f0 Halld\u00f3r \u00c1sgr\u00edms teljum \u00fea\u00f0 s\u00e9rlega j\u00e1kv\u00e6tt a\u00f0 endurf\u00e6\u00f0ast sem mannvera \u00fev\u00ed sambandi\u00f0 og jafnv\u00e6gi\u00f0 milli \u00fej\u00e1ningar og hamingju \u00ed mannl\u00edfinu opna m\u00f6guleika \u00e1 \u00fev\u00ed a\u00f0 skynja e\u00f0li tilverunnar, sem hann skildi aldrei, losa sig \u00far samsara og n\u00e1 nirvana. Markmi\u00f0i\u00f0 er a\u00f0 n\u00e1 stigi nirvana og komast \u00feannig undan \u00fev\u00ed a\u00f0 f\u00e6\u00f0ast \u00e1 n\u00fd. \u00c9g veit bara um einn sem hugsanlega n\u00e6r \u00fev\u00ed, \u00fea\u00f0 er hann Gr\u00edmur minn sem er b\u00e6\u00f0i umhverfis gr\u00e6nn og ekur um \u00e1 vinstri kantinum.<\/p>\n<p>\u00c9g legg mikla \u00e1hersla \u00e1 \u00feolinm\u00e6\u00f0i og sam\u00fa\u00f0 me\u00f0 \u00f6llu lifandi og ekki s\u00edst \u00e1byrg\u00f0 og valm\u00f6guleikum hvers og eins. \u00dea\u00f0 er einungis einstaklingurinn sem getur haft \u00e1hrif \u00e1 sitt eigi\u00f0 karma, eins og Dav\u00ed\u00f0 Oddsson sag\u00f0i \u00feegar hann var \u00ed Se\u00f0l\u00f3.<\/p>\n<p>St\u00falkan horfir n\u00fa \u00ed forundran \u00e1 G\u00e1thamai, segir svo, \u00fe\u00fa talar bara eins og sp\u00e1ma\u00f0ur. \u00c9g \u00e6tla a\u00f0 kalla \u00feig B\u00fadda af \u00fev\u00ed a\u00f0 \u00feessi speki rann \u00far \u00fe\u00ednum munni strax eftir a\u00f0 \u00fe\u00fa vakna\u00f0ir.<\/p>\n<p>\u00deannig var \u00fea\u00f0 a\u00f0 <em>Siddharta G\u00e1tamai var\u00f0 B\u00fadda.<\/em><\/p>\n<p>St\u00falkan fer n\u00fa heim til m\u00f6mmu sinnar sem var a\u00f0 baka p\u00f6nnuk\u00f6kur og segir henni allt sem Siddaharta haf\u00f0i sagt henni. M\u00f3\u00f0ir hennar hlusta\u00f0i af athygli. Nokku\u00f0 til \u00ed \u00feessu segir h\u00fan, \u00fea\u00f0 v\u00e6ri n\u00fa h\u00e6gt a\u00f0 b\u00faa til einhverja samfylkingu \u00far \u00feessu. H\u00fan skellir \u00e1 p\u00f6nnuna einni ausu og segir um lei\u00f0, bj\u00f3ddu \u00feessum B\u00fadda \u00fe\u00ednum upp \u00e1 kaffi og p\u00f6nnsur.<\/p>\n<p>\u00deannig var\u00f0 B\u00faddatr\u00fain til. H\u00fan hefur teki\u00f0 breytingum og \u00fer\u00f3ast \u00e1 \u00fdmsa vegu, \u00fea\u00f0 hafa komi\u00f0 fram \u00fdmis afbrig\u00f0i og \u00fatf\u00e6rslur \u00e1 grunngildum \u00feeim sem B\u00fadda romsa\u00f0i \u00fat \u00far s\u00e9r vi\u00f0 tr\u00e9\u00f0.<\/p>\n<p>Yfir kaffibolla og p\u00f6nnuk\u00f6kum hj\u00e1 m\u00f6mmu st\u00falkunnar f\u00f3ru \u00feau mamman og B\u00fadda a\u00f0 r\u00e6\u00f0a uppskriftir af allkyns g\u00f3\u00f0g\u00e6ti. Sm\u00e1 saman ur\u00f0u \u00feau samm\u00e1la um a\u00f0 f\u00f3lki\u00f0 \u00ed heiminum \u00feyrfti a\u00f0 breyta um \u00fea\u00f0 sem \u00feau k\u00f6llu\u00f0u l\u00edfsst\u00edl, til a\u00f0 losa sig \u00far samsara. (or\u00f0i\u00f0 l\u00edfsst\u00edll var n\u00fdyr\u00f0i \u00e1 \u00feessum t\u00edma)<\/p>\n<p>Mamman stakk upp\u00e1 a\u00f0 \u00feau ger\u00f0u a\u00f0ger\u00f0ar lista fyrir svokalla\u00f0an almenning. \u00deetta leist Budda vel \u00e1, og sm\u00e1 saman var\u00f0 \u00feessi listi til, me\u00f0 sk\u00fdringum:<\/p>\n<ol>\n<li><strong>R\u00e9tt r\u00e6\u00f0a<\/strong>. \u00dea\u00f0 er a\u00f0 tala til annarra af vir\u00f0ingu og \u00e1 vingjarnlegan h\u00e1tt, ekki lj\u00faga, n\u00e9 baktala f\u00f3lk og ekki etja m\u00f6nnum saman.<\/li>\n<li><strong>R\u00e9tt breytni<\/strong>. \u00dea\u00f0 er a\u00f0 halda si\u00f0areglunrnar fimm og skilja \u00fe\u00e6r.<\/li>\n<li><strong>R\u00e9ttur \u00e1setningur<\/strong>. A\u00f0 taka \u00e1kv\u00f6r\u00f0un um a\u00f0 h\u00e6tta allri fjandsemi \u00ed gar\u00f0 annarra.<\/li>\n<li><strong>R\u00e9tt l\u00edfsvi\u00f0urv\u00e6ri<\/strong>. A\u00f0 valda ekki \u00f6\u00f0rum ska\u00f0a \u00ed starfi s\u00ednu. D\u00e6mi um ska\u00f0leg st\u00f6rf eru til d\u00e6mis a\u00f0 svindla \u00ed vi\u00f0skiptum svo sem veita \u00f3l\u00f6gleg l\u00e1n eins og bankarnir ger\u00f0u, stela eins og J\u00f3n \u00c1sgeir, Lalli Johns og \u00c1rni Johnsen, e\u00f0a selja vopn til f\u00e1t\u00e6kra landa.<\/li>\n<li><strong>R\u00e9tt einbeiting<\/strong>. H\u00e6fileikinn til a\u00f0 einbeita s\u00e9r a\u00f0 einu atri\u00f0i \u00ed lengri t\u00edma. Til d\u00e6mis eins og for\u00f0a f\u00e9 \u00ed skattaskj\u00f3l.<\/li>\n<li><strong>R\u00e9tt hugarfar<\/strong>. H\u00e6fileikinn til a\u00f0 vera me\u00f0vita\u00f0ur um hugsanir s\u00ednar og ger\u00f0ir h\u00e9r og n\u00fa.<\/li>\n<li><strong>R\u00e9tt vi\u00f0horf<\/strong>. Skilja g\u00f6fugu sannindin fj\u00f6gur.<\/li>\n<li><strong>R\u00e9tt \u00e1hersla<\/strong>. A\u00f0 vera \u00f3\u00fereytanlegur \u00ed a\u00f0 n\u00e1 hinum sj\u00f6 markmi\u00f0unum<\/li>\n<li><strong>Ekki breyta bara breytinganna vegna<\/strong>.<\/li>\n<\/ol>\n<p>\u201c\u00deetta er nokku\u00f0 gott hj\u00e1 okkur\u201d segir B\u00fadda og f\u00e6r s\u00e9r eina p\u00f6nnslu \u00ed vi\u00f0b\u00f3t. \u201cMeira kaffi?\u201d segir s\u00fa gamla.<\/p>\n<p>&nbsp;<\/p>\n<p>&nbsp;<\/p>\n<p>&nbsp;<\/p>\n","protected":false},"excerpt":{"rendered":"<p>B\u00daDDA \u00dea\u00f0 var fyrir 2600 \u00e1rum s\u00ed\u00f0an e\u00f0a um \u00fea\u00f0 bil, a\u00f0 Siddharta G\u00e1tamai f\u00e6ddist \u00ed b\u00e6num\u00a0 Lumbini\u00a0 sem n\u00fa er \u00ed Nepal. Einhverju sinni r\u00e1fa\u00f0i hann um me\u00f0 leirbr\u00fasa \u00ed hendi, \u00fea\u00f0 s\u00f3tti a\u00f0 honum svefn\u00a0 og hann lag\u00f0i sig undir tr\u00e9. Sumir telja a\u00f0 tr\u00e9\u00f0 hafi veri\u00f0 vi\u00f0 Bodh Caya \u00ed Biharh\u00e9ra\u00f0i \u00e1 Indlandi. Hann f\u00e9kk s\u00e9r sopa<\/p>\n","protected":false},"author":2,"featured_media":0,"parent":0,"menu_order":0,"comment_status":"closed","ping_status":"closed","template":"","meta":[],"_links":{"self":[{"href":"https:\/\/korpulfar.is\/index.php?rest_route=\/wp\/v2\/pages\/15227"}],"collection":[{"href":"https:\/\/korpulfar.is\/index.php?rest_route=\/wp\/v2\/pages"}],"about":[{"href":"https:\/\/korpulfar.is\/index.php?rest_route=\/wp\/v2\/types\/page"}],"author":[{"embeddable":true,"href":"https:\/\/korpulfar.is\/index.php?rest_route=\/wp\/v2\/users\/2"}],"replies":[{"embeddable":true,"href":"https:\/\/korpulfar.is\/index.php?rest_route=%2Fwp%2Fv2%2Fcomments&post=15227"}],"version-history":[{"count":1,"href":"https:\/\/korpulfar.is\/index.php?rest_route=\/wp\/v2\/pages\/15227\/revisions"}],"predecessor-version":[{"id":15228,"href":"https:\/\/korpulfar.is\/index.php?rest_route=\/wp\/v2\/pages\/15227\/revisions\/15228"}],"wp:attachment":[{"href":"https:\/\/korpulfar.is\/index.php?rest_route=%2Fwp%2Fv2%2Fmedia&parent=15227"}],"curies":[{"name":"wp","href":"https:\/\/api.w.org\/{rel}","templated":true}]}}