{"id":14963,"date":"2022-02-21T16:42:23","date_gmt":"2022-02-21T16:42:23","guid":{"rendered":"http:\/\/www.korpulfar.is\/?page_id=14963"},"modified":"2022-05-20T13:58:10","modified_gmt":"2022-05-20T13:58:10","slug":"sagan-um-nafnabreytingu-a-felagi-korpulfa-03-05-2021","status":"publish","type":"page","link":"https:\/\/korpulfar.is\/","title":{"rendered":"Sagan um nafnabreytingu \u00e1 f\u00e9lagi Korp\u00falfa.  03.05.2021"},"content":{"rendered":"<p>Sagan um nafnabreytingu \u00e1 f\u00e9lagi Korp\u00falfa.<\/p>\n<p>03.05.2021<\/p>\n<table width=\"589\">\n<tbody>\n<tr>\n<td width=\"589\">Fundur me\u00f0 Baldri, Sveinbirni, Haraldi S og Birnu. Fundarefni l\u00e9ni\u00f0 korpulfar.is<\/td>\n<\/tr>\n<tr>\n<td width=\"589\">Til stendur a\u00f0 breyta sam\u00feykktum Korp\u00falfa, \u00fear \u00e1 me\u00f0al 1.grein sam\u00feykktanna<\/td>\n<\/tr>\n<tr>\n<td width=\"589\">sem kve\u00f0ur \u00e1 um nafni\u00f0 \u00e1 f\u00e9laginu. \u00c9g RB, sag\u00f0i a\u00f0 \u00fea\u00f0 v\u00e6ri vissulega e\u00f0lilegt a\u00f0 f\u00e9lagi\u00f0<\/td>\n<\/tr>\n<tr>\n<td width=\"589\">\u00e6tti l\u00e9ni\u00f0. En \u00e9g vildi ekki a\u00f0 fyratu greininni yr\u00f0i breytt \u00fear sem samt\u00f6k yr\u00f0i breytt \u00ed f\u00e9lag.<\/td>\n<\/tr>\n<tr>\n<td width=\"589\">\u00c9g l\u00e6t ekki l\u00e9ni\u00f0 af hendi fyrr en eftir a\u00f0alfund a\u00f0 \u00fev\u00ed gefnu a\u00f0 fyrsta greinin v\u00e6ri \u00f3breytt.<\/p>\n<p>&nbsp;<\/p>\n<p>06.08 2021<\/p>\n<table width=\"579\">\n<tbody>\n<tr>\n<td width=\"579\">Fundur bo\u00f0a\u00f0ur af Birnu. Fundar efni skrif m\u00edn \u00e1 FB um fyrirhuga\u00f0ann a\u00f0alfund<\/td>\n<\/tr>\n<tr>\n<td width=\"579\">Korp\u00falfa. Bo\u00f0a\u00f0ir voru:Haraldur Sumarli\u00f0ason, Magn\u00fas Hansson, Baldur<\/td>\n<\/tr>\n<tr>\n<td width=\"579\">Magn\u00fasson og R.Ben<\/td>\n<\/tr>\n<tr>\n<td width=\"579\">RB spur\u00f0i hvers vegna Haraldur vildi l\u00e1ta breyta fyrstu grein sam\u00feykkta Korp\u00falfa.<\/td>\n<\/tr>\n<tr>\n<td width=\"579\">Svar hans var a\u00f0 hann teldi a\u00f0 f\u00e9lag \u00e6tti betur vi\u00f0 en samt\u00f6k, en f\u00e9llst samt \u00e1 a\u00f0<\/td>\n<\/tr>\n<tr>\n<td width=\"579\">samt\u00f6k v\u00e6ri sama og f\u00e9lag S\u00f6mu spurningu beint til Magn\u00fasar, svar hans var, eins og<\/td>\n<\/tr>\n<tr>\n<td width=\"579\">Haraldur. !<\/p>\n<p>\u00cd or\u00f0ab\u00f3k \u00c1rna B\u00f6\u00f0varssonar bls.550 fr\u00e1 1963 er samt\u00f6k f\u00e9lag.<\/td>\n<\/tr>\n<tr>\n<td width=\"579\">\u00c9g RB benti \u00e1 a\u00f0 \u00ed sam\u00feykktum f\u00e9lagsins v\u00e6ri gert r\u00e1\u00f0 fyrir a\u00f0 hugsanlegar<\/p>\n<table width=\"579\">\n<tbody>\n<tr>\n<td width=\"579\">breytingar \u00e1 sam\u00feykktum yr\u00f0u a\u00f0 berast fyrir 15. jan\u00faar og skyldu kynntar \u00e1 f\u00e9lagsfundi \u00ed lok jan\u00faar e\u00f0a \u00ed byrjun febr\u00faar.<\/td>\n<\/tr>\n<tr>\n<td width=\"579\">&nbsp;\u00deetta \u00fe\u00fd\u00f0ir a\u00f0 fyrir fund \u00ed byrjun september<\/td>\n<\/tr>\n<tr>\n<td width=\"579\">\u00fearf a\u00f0 kynna breytingatill\u00f6gur og taka til umr\u00e6\u00f0u \u00e1 almennum f\u00e9lagsfundi<\/td>\n<\/tr>\n<tr>\n<td width=\"579\">um mi\u00f0jan \u00e1g\u00fast.<\/td>\n<\/tr>\n<tr>\n<td width=\"579\">Baldur benti \u00e1 a\u00f0 f\u00e1nar og merki sem \u00e1 st\u00e6\u00f0i samt\u00f6k eldri borgar yr\u00f0u \u00fe\u00e1 ekki<\/td>\n<\/tr>\n<tr>\n<td width=\"579\">\u00ed samr\u00e6mi vi\u00f0 sam\u00feykktir. Birna sag\u00f0i a\u00f0 \u00fea\u00f0 fasa\u00f0ist \u00fat??!! Haraldur t\u00f3k<\/td>\n<\/tr>\n<tr>\n<td width=\"579\">undir \u00fea\u00f0. Hvernig \u00fea\u00f0 \u00e1 a\u00f0 fasast \u00fat var ekki sk\u00fdrt.<\/p>\n<p>&nbsp;<\/p>\n<p>\u00c1 a\u00f0alfundinum 1.september 2021var svo sam\u00feykkt a\u00f0 breyta fyrstu grein sam\u00feykkta Korp\u00falfa \u00e1 \u00feann veg a\u00f0 \u00ed sta\u00f0 samt\u00f6k ver\u00f0i f\u00e9lag.<\/p>\n<p>RB \u00e1r\u00e9tta\u00f0i me\u00f0 v\u00edsan til or\u00f0ab\u00f3kar \u00c1rna B\u00f6\u00f0varssonar, a\u00f0 samt\u00f6k v\u00e6ri sama og f\u00e9lag.<\/p>\n<p>M\u00edn sko\u00f0un er s\u00fa a\u00f0 \u00fear var veri\u00f0 a\u00f0 l\u00edtilsvir\u00f0a \u00e1kv\u00f6r\u00f0un frumherja f\u00e9lagsins e\u00f0a jafnvel vanvir\u00f0a gj\u00f6r\u00f0ir \u00feeirra.<\/p>\n<p>Sk\u00fdring Haraldar sem var fundarstj\u00f3ri var \u00feessi:<\/p>\n<p>\u2018\u2018<strong>\u00edslenskur venjulegur&nbsp; m\u00e1lskilningur er s\u00e1 a\u00f0 samt\u00f6k s\u00e9u samt\u00f6k fleiri f\u00e9laga en eins<\/strong>\u201c<\/p>\n<p><span style=\"color: #ff0000;\"><strong>Svar fr\u00e1 H\u00e1sk\u00f3la \u00cdslands var\u00f0andi \u00feessa fullyr\u00f0ingu var svona:<\/strong><\/span><\/p>\n<p><span style=\"color: #ff0000;\"><strong>Sem fullyr\u00f0ing er \u00feetta or\u00f0alag klaufalegt: &#8220;a\u00f0 samt\u00f6k s\u00e9u samt\u00f6k fleiri f\u00e9laga en eins&#8221;<\/strong><\/span><\/p>\n<p><span style=\"color: #ff0000;\"><strong>\u00deetta er sj\u00e1lfsv\u00edsandi or\u00f0alag (samt\u00f6k s\u00e9u samt\u00f6k)og \u00fea\u00f0 getur ekki sta\u00f0ist.<\/strong><\/span><\/p>\n<p><span style=\"color: #ff0000;\"><strong>svar 2 fr\u00e1 V\u00edsindavef H\u00e1sk\u00f3lans er \u00feetta:<\/strong><\/span><\/p>\n<p class=\"p1\"><span style=\"color: #ff0000;\"><strong><span class=\"s1\">\u00deakka \u00fe\u00e9r fyrir spurninguna &#8220;hva\u00f0 \u00fe\u00fd\u00f0ir or\u00f0i\u00f0 samt\u00f6k&#8221; sem \u00fe\u00fa sendir \u00e1 V\u00edsindavefinn. <\/span><\/strong><\/span><\/p>\n<p class=\"p1\"><span style=\"color: #ff0000;\"><strong><span class=\"s1\">Samt\u00f6k merkja t.d. f\u00e9lag, sameiginlegt fyrirt\u00e6ki.<\/span><\/strong><\/span><\/p>\n<p>&nbsp;<\/p>\n<p>Svo m\u00f6rg voru \u00feau or\u00f0. \u00dea\u00f0 eru \u00fe\u00f3 nokkur f\u00e9l\u00f6g sem heita SAMT\u00d6K, &nbsp;svo einhver s\u00e9u nefnd:<\/p>\n<p>&nbsp;<\/p>\n<p>1.&nbsp;&nbsp;&nbsp; <strong>Samt\u00f6k aldra\u00f0ra<\/strong>.\u00cd sam\u00feykktum \u00feeirra segir.F\u00e9lagsmenn geta or\u00f0i\u00f0 einstaklingar&nbsp; sem eru fj\u00e1rr\u00e1\u00f0a, hafa n\u00e1\u00f0 50 \u00e1ra aldri og eiga l\u00f6gheimili \u00e1 f\u00e9lagssv\u00e6\u00f0nu&#8230;&#8230;&#8230;&#8230;<\/p>\n<p>2.&nbsp;&nbsp;&nbsp; <strong>Samt\u00f6kin 78<\/strong>. F\u00e9lagi getur hver s\u00e1 gerst sem vill sty\u00f0ja f\u00e9lagi\u00f0 og vinna a\u00f0 markmi\u00f0um \u00feess&#8230;&#8230;&#8230;&#8230;.<\/p>\n<p>3.&nbsp;&nbsp;&nbsp; <strong>Samt\u00f6k sykursj\u00fakra.<\/strong> F\u00e9lagar geta or\u00f0i\u00f0: Sykursj\u00fakir og velunarar \u00feeirra,sem sty\u00f0ja vilja tilgang f\u00e9lagsins.<\/p>\n<p>4.&nbsp;&nbsp;&nbsp; <strong>Korp\u00falfar<\/strong>. F\u00e9lagar geta \u00feeir or\u00f0i\u00f0 sem \u00feess \u00f3ska og eru b\u00fasrttir \u00ed Grafarvogi og n\u00e1\u00f0 hafa 60 \u00e1ra aldri&#8230;&#8230;&#8230;.<\/p>\n<p>&nbsp;<\/p>\n<p>H\u00e9r kemur svo sk\u00fdring Wikipedia<\/p>\n<p><strong>Samt\u00f6k<\/strong>&nbsp;eru&nbsp;<a href=\"https:\/\/is.wikipedia.org\/wiki\/H%C3%B3pur\">h\u00f3pur<\/a>&nbsp;tveggja e\u00f0a fleiri&nbsp;<a href=\"https:\/\/is.wikipedia.org\/wiki\/Manneskja\">manneskja<\/a>&nbsp;sem vinna saman \u00ed \u00fev\u00ed a\u00f0 framkv\u00e6ma&nbsp;<a href=\"https:\/\/is.wikipedia.org\/w\/index.php?title=Verkefni&amp;action=edit&amp;redlink=1\">verkefni<\/a>&nbsp;til \u00feess a\u00f0 n\u00e1 einhverju s\u00e9rst\u00f6ku&nbsp;<a href=\"https:\/\/is.wikipedia.org\/wiki\/Mark\">marki<\/a>. Samt\u00f6k gera me\u00f0limunum s\u00ednum kleift a\u00f0 afreka m\u00f6rk, framlei\u00f0a&nbsp;<a href=\"https:\/\/is.wikipedia.org\/wiki\/Vara\">v\u00f6rur<\/a>&nbsp;og\/e\u00f0a&nbsp;<a href=\"https:\/\/is.wikipedia.org\/wiki\/%C3%9Ej%C3%B3nusta\">\u00fej\u00f3nustur<\/a>&nbsp;og byggja samb\u00f6nd vi\u00f0 \u00f6nnur samt\u00f6k. Til eru mismunandi ger\u00f0ir af samt\u00f6kum, til d\u00e6mis&nbsp;<a href=\"https:\/\/is.wikipedia.org\/wiki\/Fyrirt%C3%A6ki\">fyrirt\u00e6ki<\/a>,&nbsp;<a href=\"https:\/\/is.wikipedia.org\/w\/index.php?title=G%C3%B3%C3%B0ger%C3%B0arstofnun&amp;action=edit&amp;redlink=1\">g\u00f3\u00f0ger\u00f0arstofnanir<\/a>,&nbsp;<a href=\"https:\/\/is.wikipedia.org\/wiki\/Al%C3%BEj%C3%B3%C3%B0astofnun\">al\u00fej\u00f3\u00f0asamt\u00f6k<\/a>,&nbsp;<a href=\"https:\/\/is.wikipedia.org\/wiki\/Sameignarf%C3%A9lag\">sameignarf\u00e9l\u00f6g<\/a>,&nbsp;<a href=\"https:\/\/is.wikipedia.org\/wiki\/Stj%C3%B3rnm%C3%A1laflokkur\">stj\u00f3rnm\u00e1laflokkar<\/a>&nbsp;og&nbsp;<a href=\"https:\/\/is.wikipedia.org\/wiki\/H%C3%A1sk%C3%B3li\">h\u00e1sk\u00f3lar<\/a>. Samt\u00f6k eru til innan&nbsp;<a href=\"https:\/\/is.wikipedia.org\/wiki\/Samf%C3%A9lag\">samf\u00e9lags<\/a>.<\/p>\n<p>Samt\u00f6k eru oft formleg og eru \u00f3l\u00edk \u00f3formlegum h\u00f3pum eins og&nbsp;<a href=\"https:\/\/is.wikipedia.org\/wiki\/Fj%C3%B6lskylda\">fj\u00f6lskyldum<\/a>,&nbsp;<a href=\"https:\/\/is.wikipedia.org\/w\/index.php?title=%C3%86ttflokkur&amp;action=edit&amp;redlink=1\">\u00e6ttflokkum<\/a>, vinah\u00f3pum og n\u00e1grennum.<\/p>\n<p>&nbsp;<\/p>\n<p>Af \u00feessu m\u00e1 \u00e6tla a\u00f0 sk\u00fdring fundarstj\u00f3rans \u00e1 a\u00f0alfundi Korp\u00falfa hafi veri\u00f0 til a\u00f0 blekkja fundarmenn.<\/p>\n<p>&nbsp;<\/p>\n<p>Hver tilgangur sj\u00f6unda formanns Korp\u00falfa er me\u00f0 \u00feessari breytingu, er \u00fev\u00ed enn \u00f3sk\u00fdr\u00f0ur \u00feegar \u00feetta er skr\u00e1sett.<\/p>\n<p>&nbsp;<\/p>\n<p>Var\u00f0andi f\u00e9sb\u00f3karf\u00e6rslu Theod\u00f3rs \u00e1ttunda formanns Korp\u00falfa 19.02.2022 \u00fear sem segir a\u00f0 heimas\u00ed\u00f0unni hafi veri\u00f0 loka\u00f0 fyrirvaralaust m\u00e1 sj\u00e1 h\u00e9r \u00e1 undan a\u00f0 3.ma\u00ed 2021 og svo aftur 6 \u00e1g\u00fast 2021 var \u00fea\u00f0 auglj\u00f3st a\u00f0 ef fyrstu grein sam\u00feykkta yr\u00f0i breytt myndi heimas\u00ed\u00f0an ekki standa Korp\u00falfum til bo\u00f0a.<\/p>\n<p>&nbsp;<\/p>\n<p>&nbsp;<\/p>\n<p>&nbsp;<\/td>\n<\/tr>\n<\/tbody>\n<\/table>\n<\/td>\n<\/tr>\n<\/tbody>\n<\/table>\n<p>&nbsp;<\/td>\n<\/tr>\n<\/tbody>\n<\/table>\n<p>&nbsp;<\/p>\n","protected":false},"excerpt":{"rendered":"<p>Sagan um nafnabreytingu \u00e1 f\u00e9lagi Korp\u00falfa. 03.05.2021 Fundur me\u00f0 Baldri, Sveinbirni, Haraldi S og Birnu. Fundarefni l\u00e9ni\u00f0 korpulfar.is Til stendur a\u00f0 breyta sam\u00feykktum Korp\u00falfa, \u00fear \u00e1 me\u00f0al 1.grein sam\u00feykktanna sem kve\u00f0ur \u00e1 um nafni\u00f0 \u00e1 f\u00e9laginu. \u00c9g RB, sag\u00f0i a\u00f0 \u00fea\u00f0 v\u00e6ri vissulega e\u00f0lilegt a\u00f0 f\u00e9lagi\u00f0 \u00e6tti l\u00e9ni\u00f0. En \u00e9g vildi ekki a\u00f0 fyratu greininni yr\u00f0i breytt \u00fear sem samt\u00f6k<\/p>\n","protected":false},"author":1,"featured_media":0,"parent":0,"menu_order":0,"comment_status":"closed","ping_status":"closed","template":"","meta":[],"_links":{"self":[{"href":"https:\/\/korpulfar.is\/index.php?rest_route=\/wp\/v2\/pages\/14963"}],"collection":[{"href":"https:\/\/korpulfar.is\/index.php?rest_route=\/wp\/v2\/pages"}],"about":[{"href":"https:\/\/korpulfar.is\/index.php?rest_route=\/wp\/v2\/types\/page"}],"author":[{"embeddable":true,"href":"https:\/\/korpulfar.is\/index.php?rest_route=\/wp\/v2\/users\/1"}],"replies":[{"embeddable":true,"href":"https:\/\/korpulfar.is\/index.php?rest_route=%2Fwp%2Fv2%2Fcomments&post=14963"}],"version-history":[{"count":9,"href":"https:\/\/korpulfar.is\/index.php?rest_route=\/wp\/v2\/pages\/14963\/revisions"}],"predecessor-version":[{"id":15484,"href":"https:\/\/korpulfar.is\/index.php?rest_route=\/wp\/v2\/pages\/14963\/revisions\/15484"}],"wp:attachment":[{"href":"https:\/\/korpulfar.is\/index.php?rest_route=%2Fwp%2Fv2%2Fmedia&parent=14963"}],"curies":[{"name":"wp","href":"https:\/\/api.w.org\/{rel}","templated":true}]}}