{"id":14922,"date":"2022-02-09T21:07:37","date_gmt":"2022-02-09T21:07:37","guid":{"rendered":"https:\/\/www.korpulfar.is\/?page_id=14922"},"modified":"2022-02-09T21:08:42","modified_gmt":"2022-02-09T21:08:42","slug":"genesis-2","status":"publish","type":"page","link":"https:\/\/korpulfar.is\/?page_id=14922","title":{"rendered":"Genesis-2"},"content":{"rendered":"<p><strong>Englar kv\u00e6ntust d\u00e6trum manna<\/strong><\/p>\n<p>Synir Gu\u00f0s h\u00f6f\u00f0u samfarir vi\u00f0 d\u00e6tur manna, af \u00feeim samf\u00f6rum sk\u00f6pu\u00f0ust menn og konur, sem sm\u00e1 saman mynda\u00f0i samf\u00e9l\u00f6g \u00e1 j\u00f6r\u00f0inni.<\/p>\n<p>\u00deetta voru afkomendur Adams og Evu.<\/p>\n<p>Gu\u00f0 sem \u00e1\u00f0ur haf\u00f0i sagt a\u00f0 sk\u00f6pun s\u00edn hef\u00f0i veri\u00f0 g\u00f3\u00f0, sag\u00f0i n\u00fa a\u00f0 allt v\u00e6ri vont og f\u00falt. Mennirnir v\u00e6ru bara gl\u00e6ponar ! og best v\u00e6ri a\u00f0 drekkja \u00f6llu klabbinu, d\u00fdrunum l\u00edka og fuglunum. Skri\u00f0kvikindum bara \u00f6llu klabbinu.<\/p>\n<p>En Gu\u00f0 s\u00e1 \u00ed hendi s\u00e9r a\u00f0 ef hann ger\u00f0i \u00fea\u00f0 \u00feyrfti hann a\u00f0 byrja upp\u00e1 n\u00fdtt. \u00dev\u00ed nennti hann ekki, svo hann f\u00f3r a\u00f0 leita a\u00f0 einhverjum sem g\u00e6ti redda\u00f0 eint\u00f6kum af \u00feeim tegundum sm\u00e1um og st\u00f3rum sem hann haf\u00f0i skapa\u00f0. Eftir eftirgrennslan fann hann N\u00f3a sem var ekki nema 950 \u00e1ra. N\u00f3i \u00feessi \u00e1tti konu og \u00ferj\u00e1 syni, \u00fe\u00e1 Sem, Kam og Jafet.<\/p>\n<p>Gu\u00f0 segir vi\u00f0 N\u00f3a, &#8220;k\u00e6ri N\u00f3i minn \u00fe\u00fa ert s\u00e1 eini sem \u00e9g treysti til a\u00f0 framkv\u00e6ma fyrir mig \u00fea\u00f0 sem m\u00e9r datt \u00ed hug.<\/p>\n<p>Svo er m\u00e1l me\u00f0 vexti a\u00f0 \u00e9g \u00e6tla a\u00f0 \u00feurrka allt l\u00edf af j\u00f6r\u00f0inni st\u00f3rt og sm\u00e1tt.&#8221;\u00a0 N\u00f3i horfir \u00e1 Gu\u00f0 sinn og segir, &#8220;er ekki h\u00e6gt a\u00f0 gera eitthva\u00f0 anna\u00f0? \u00de\u00fa skapa\u00f0ir \u00feetta allt saman eftir \u00feinni mynd.&#8221;<\/p>\n<p>&#8220;\u00deetta voru alger mist\u00f6k alltof miki\u00f0 af gl\u00e6ponum, \u00fea\u00f0 er einfaldast bara a\u00f0 drekkja \u00feessu hyski \u00f6llu saman.&#8221;<\/p>\n<p>&#8220;N\u00fa N\u00f3i minn, skalt \u00fe\u00fa sm\u00ed\u00f0a skip sem r\u00famar tvo einstaklinga af hverri d\u00fdrategund kvenkyns og karlkyns, smala \u00feessu um bor\u00f0 og svo drekki \u00e9g hinum sem eftir ver\u00f0a.&#8221;<a href=\"http:\/\/www.korpulfar.is\/wp-content\/uploads\/2022\/02\/Genesis-8.jpg\"><img decoding=\"async\" loading=\"lazy\" class=\"alignleft size-full wp-image-14924\" src=\"http:\/\/www.korpulfar.is\/wp-content\/uploads\/2022\/02\/Genesis-8.jpg\" alt=\"\" width=\"259\" height=\"194\" \/><\/a><\/p>\n<p>&#8220;Meinar\u00f0u \u00feetta virkilega, Gu\u00f0 minn g\u00f3\u00f0ur?&#8221;<\/p>\n<p>&#8220;J\u00e1 og dr\u00edf\u00f0u \u00feig n\u00fa, \u00e9g fylgist me\u00f0 og \u00feegar allt er <u>ti<\/u>lb\u00fai\u00f0, set \u00e9g allt \u00e1 kaf.&#8221; &#8220;Hva\u00f0 me\u00f0 syni m\u00edna og tengdad\u00e6tur spyr N\u00f3i?&#8221; &#8220;\u00de\u00fa tekur <u>\u00fea<\/u>u bara me\u00f0, <u>\u00fei<\/u>\u00f0 hj\u00f3nin eru\u00f0 or\u00f0in svo g\u00f6mul a\u00f0 ekki er von \u00e1 fleiri kr\u00f3gum fr\u00e1 ykkur hj\u00f3nunum. Einhverjir ver\u00f0a a\u00f0 vi\u00f0halda mannf\u00f3lkinu.&#8221;<\/p>\n<p>N\u00fa gefur\u00a0 Gu\u00f0 \u00feau fyrirm\u00e6li a\u00f0 N\u00f3i skuli taka me\u00f0 s\u00e9r \u00ed \u00f6rkina tvennt af hverju nema sj\u00f6 eint\u00f6k af hreinum d\u00fdrum og fuglum. Svo hef \u00e9g reikna\u00f0 \u00fat a\u00f0 skipi\u00f0 \u00feurfi a\u00f0 vera 300 \u00e1lnir a\u00f0 lengd, 50 \u00e1lnir a\u00f0 breidd og svo sem 30 \u00e1lnir \u00e1 h\u00e6\u00f0,\u00a0 &#8220;\u00de\u00fa m\u00e1tt alveg hafa \u00fea\u00f0 \u00f6gn st\u00e6rra ef timburlengdir\u00a0 eru \u00feannig.\u00a0 Svo setur \u00fe\u00fa dyr \u00e1 mi\u00f0juna og einhverja glugga svo birta berist inn, annars ver\u00f0a d\u00fdrin myrkf\u00e6lin.<a href=\"http:\/\/www.korpulfar.is\/wp-content\/uploads\/2022\/02\/Genesis-9-scaled.jpg\"><img decoding=\"async\" loading=\"lazy\" class=\"alignleft size-full wp-image-14925\" src=\"http:\/\/www.korpulfar.is\/wp-content\/uploads\/2022\/02\/Genesis-9-scaled.jpg\" alt=\"\" width=\"2560\" height=\"1335\" srcset=\"http:\/\/www.korpulfar.is\/wp-content\/uploads\/2022\/02\/Genesis-9-scaled.jpg 2560w, http:\/\/www.korpulfar.is\/wp-content\/uploads\/2022\/02\/Genesis-9-300x156.jpg 300w, http:\/\/www.korpulfar.is\/wp-content\/uploads\/2022\/02\/Genesis-9-1024x534.jpg 1024w, http:\/\/www.korpulfar.is\/wp-content\/uploads\/2022\/02\/Genesis-9-768x401.jpg 768w, http:\/\/www.korpulfar.is\/wp-content\/uploads\/2022\/02\/Genesis-9-1536x801.jpg 1536w, http:\/\/www.korpulfar.is\/wp-content\/uploads\/2022\/02\/Genesis-9-2048x1068.jpg 2048w\" sizes=\"(max-width: 2560px) 100vw, 2560px\" \/><\/a><\/p>\n<p>Svo m\u00e1ttu gera h\u00faskofa fyrir \u00feig og b\u00f6rnin \u00e1 \u00feilfarinu.<\/p>\n<p>Dr\u00edf\u00f0u \u00feetta n\u00fa af, \u00a0\u00fev\u00ed eftir sj\u00f6 daga l\u00e6t \u00e9g rigna \u00ed fj\u00f6rt\u00edu daga og fj\u00f6rt\u00edu n\u00e6tur.<\/p>\n<p>\u00de\u00e1 ver\u00f0ur allt komi\u00f0 \u00e1 b\u00f3lakaf, og enginn sem ekki er \u00ed skipinu mun lifa \u00feetta fl\u00f3\u00f0 af, sem \u00e9g vil kalla syndafl\u00f3\u00f0.<\/p>\n<p>\u00deetta g\u00e9kk eftir \u00fea\u00f0 ringdi \u00ed 40 daga og 40 n\u00e6tur. Allt komi\u00f0 \u00e1 sullandi kaf og allt dautt sem ekki var i skipinu, sem s\u00ed\u00f0ari t\u00edma menn nefndu \u00f6rkina hans N\u00f3a.<\/p>\n<p>Fl\u00f3\u00f0i\u00f0 st\u00f3\u00f0 \u00ed 150 daga.<\/p>\n<p>\u00deegar vatni\u00f0 haf\u00f0i sjatna\u00f0 og \u00feurrlendi\u00f0 kom upp \u00far vatninu sag\u00f0i Gu\u00f0 vi\u00f0 N\u00f3a. &#8220;Opna\u00f0u hli\u00f0ardyr skipsins og hleyptu \u00f6llum d\u00fdrum, ormum, sn\u00e1kum og k\u00f3ngul\u00f3m \u00fat svo \u00feau geti \u00e1tt afkv\u00e6mi og fyllt j\u00f6r\u00f0ina af fj\u00f6lbreyttu l\u00edfi. Settu svo alla fugla \u00fat og seg\u00f0u \u00feeim a\u00f0 flj\u00faga \u00fat \u00ed heim og verpa eggjum hvar svo sem fri\u00f0ur er til \u00feess.&#8221;<\/p>\n<p>N\u00f3i gerir svo, nema hann skilur fr\u00e1 hin hreinu d\u00fdr og fugla. Hann slagtar n\u00fa hluta af \u00feessum d\u00fdrum og fuglum og setur \u00e1 grilli\u00f0.<\/p>\n<p>Gu\u00f0 finnur lyktina af grillinu og \u00feykir h\u00fan harla g\u00f3\u00f0.<\/p>\n<p>Gu\u00f0 kemur til N\u00f3a og segir, &#8220;\u00fea\u00f0 m\u00e6tti pipra \u00feetta a\u00f0eins meira, jafvel setja \u00f3skulitla basil\u00edku og jafnvel s\u00edl\u00edpipar me\u00f0.&#8221;<\/p>\n<p>N\u00f3i gj\u00f6rir svo. Svo setjast \u00feau kringum grilli\u00f0 N\u00f3i og fj\u00f6lskylda hans \u00e1samt Gu\u00f0i og h\u00e1ma \u00ed sig k\u00e9ti\u00f0.<\/p>\n<p>Gu\u00f0 blessa\u00f0i N\u00f3a og hans f\u00f3lk, hann sag\u00f0i a\u00f0 hann mundi gera s\u00e1ttm\u00e1la vi\u00f0 \u00feau. S\u00e1ttm\u00e1linn var a\u00f0 hann Gu\u00f0 myndi ekki drekkja \u00f6llu lifandi \u00e1 j\u00f6r\u00f0inni aftur, sama hva\u00f0 \u00e1 gengi.<\/p>\n<p>En sag\u00f0i Gu\u00f0, &#8220;veri\u00f0 frj\u00f3s\u00f6m og fylli\u00f0 j\u00f6r\u00f0ina af f\u00f3lki.&#8221;<\/p>\n","protected":false},"excerpt":{"rendered":"<p>Englar kv\u00e6ntust d\u00e6trum manna Synir Gu\u00f0s h\u00f6f\u00f0u samfarir vi\u00f0 d\u00e6tur manna, af \u00feeim samf\u00f6rum sk\u00f6pu\u00f0ust menn og konur, sem sm\u00e1 saman mynda\u00f0i samf\u00e9l\u00f6g \u00e1 j\u00f6r\u00f0inni. \u00deetta voru afkomendur Adams og Evu. Gu\u00f0 sem \u00e1\u00f0ur haf\u00f0i sagt a\u00f0 sk\u00f6pun s\u00edn hef\u00f0i veri\u00f0 g\u00f3\u00f0, sag\u00f0i n\u00fa a\u00f0 allt v\u00e6ri vont og f\u00falt. Mennirnir v\u00e6ru bara gl\u00e6ponar ! og best v\u00e6ri a\u00f0 drekkja<\/p>\n","protected":false},"author":2,"featured_media":0,"parent":0,"menu_order":0,"comment_status":"closed","ping_status":"closed","template":"","meta":[],"_links":{"self":[{"href":"https:\/\/korpulfar.is\/index.php?rest_route=\/wp\/v2\/pages\/14922"}],"collection":[{"href":"https:\/\/korpulfar.is\/index.php?rest_route=\/wp\/v2\/pages"}],"about":[{"href":"https:\/\/korpulfar.is\/index.php?rest_route=\/wp\/v2\/types\/page"}],"author":[{"embeddable":true,"href":"https:\/\/korpulfar.is\/index.php?rest_route=\/wp\/v2\/users\/2"}],"replies":[{"embeddable":true,"href":"https:\/\/korpulfar.is\/index.php?rest_route=%2Fwp%2Fv2%2Fcomments&post=14922"}],"version-history":[{"count":2,"href":"https:\/\/korpulfar.is\/index.php?rest_route=\/wp\/v2\/pages\/14922\/revisions"}],"predecessor-version":[{"id":14926,"href":"https:\/\/korpulfar.is\/index.php?rest_route=\/wp\/v2\/pages\/14922\/revisions\/14926"}],"wp:attachment":[{"href":"https:\/\/korpulfar.is\/index.php?rest_route=%2Fwp%2Fv2%2Fmedia&parent=14922"}],"curies":[{"name":"wp","href":"https:\/\/api.w.org\/{rel}","templated":true}]}}