{"id":15241,"date":"2022-03-17T22:58:09","date_gmt":"2022-03-17T22:58:09","guid":{"rendered":"https:\/\/www.korpulfar.is\/?page_id=15241"},"modified":"2022-11-04T17:01:03","modified_gmt":"2022-11-04T17:01:03","slug":"1-mai","status":"publish","type":"page","link":"http:\/\/korpulfar.is\/?page_id=15241","title":{"rendered":"1 ma\u00ed"},"content":{"rendered":"<p><strong>Fyrsti ma\u00ed<\/strong><\/p>\n<p>\u00c1ri\u00f0 <u>1889<\/u> komu saman til fundar \u00ed <u>Par\u00eds lei\u00f0togar verkal\u00fd\u00f0ssamtaka fr\u00e1 \u00fdmsum l\u00f6ndum, til <\/u>d\u00e6mis Englandi, Frakklandi, <u>\u00de\u00fdskalandi, R\u00fasslandi og<\/u><\/p>\n<p>Bandar\u00edkjunum svo einhver <u>sku<\/u>lu nefnd. \u00deessi t\u00edmi og sta\u00f0ur var valinn \u00ed tilefni \u00feess a\u00f0 <u>100<\/u> \u00e1r voru <u>li<\/u>\u00f0inn fr\u00e1 falli Bastillunar.<\/p>\n<p>Tilefni \u00feessa fundar var a\u00f0 skipuleggja <u>verkal\u00fd\u00f0shreyfingar<\/u>\u00a0 \u00ed vi\u00f0komandi l\u00f6ndum. T\u00edmasetningin \u00e1tti a\u00f0 minna \u00e1 bl\u00f3\u00f0ba\u00f0 sem var\u00f0 \u00ed <u>Haymarked<\/u> \u00ed <u>Chigago<\/u> <u>1.mai<\/u> <u>1886..<\/u><\/p>\n<p><u>Verkamenn vi\u00f0 lagningu\u00a0 j\u00e1rnbrautar n\u00e6rri Chigago l\u00f6g\u00f0u \u00fe\u00e1 ni\u00f0ur vinnu og <\/u>kr\u00f6f\u00f0ust 8 stunda <u>vinnudags<\/u>.<\/p>\n<p>M\u00f3tm\u00e6lendur s\u00f6fnu\u00f0ust saman \u00e1 \u201c<u>Haymarket\u201d<\/u>\u00a0 torginu \u00ed <u>Chigago. Mikill vi\u00f0b\u00fana\u00f0ur <\/u>var af h\u00e1lfu <u>l\u00f6greglu. Um<\/u> <u>400<\/u> l\u00f6greglumenn r\u00e9\u00f0ust til atl\u00f6gu vi\u00f0 verkaf\u00f3lki\u00f0 \u00ed \u00feeim tilgangi a\u00f0 leysa upp \u00feennan m\u00f3tm\u00e6lafund.<\/p>\n<p>Skyndilega var kasta\u00f0 inn \u00ed mannfj\u00f6ldann <u>heimasm\u00ed\u00f0a\u00f0ri<\/u>\u00a0 handsprengju.<\/p>\n<p>\u00dea\u00f0 var\u00f0 til \u00feess a\u00f0 l\u00f6gregla og m\u00f3tm\u00e6lendur f\u00f3ru a\u00f0 skj\u00f3ta hverjir \u00e1 a\u00f0ra.<\/p>\n<p>7 l\u00f6greglumenn og <u>21<\/u> m\u00f3tm\u00e6landi l\u00e9tust \u00ed \u00feessum skotbardaga.<\/p>\n<p>8 m\u00f3tm\u00e6lendur voru handteknir sem sag\u00f0ir v\u00e6ru stj\u00f3rnleysingjar, og \u00e1k\u00e6r\u00f0ir fyrir sprengjukasti\u00f0.<\/p>\n<p>4 \u00feeirra voru d\u00e6mdir til hengingar. \u00a03 \u00feeirra voru hengdir. 1 framdi sj\u00e1lfsv\u00edg og d\u00f3mum 4 breytt \u00ed fangelsisvist.<\/p>\n<p><u>1893<\/u> var \u00feetta m\u00e1l teki\u00f0 upp og kom \u00fe\u00e1 \u00ed lj\u00f3s a\u00f0 um <u>r\u00e9ttarmor\u00f0<\/u> hafi veri\u00f0 a\u00f0 r\u00e6\u00f0a, \u00fev\u00ed a\u00f0 engar sannanir fundust um a\u00f0 \u00feeir hef\u00f0u veri\u00f0 vi\u00f0ri\u00f0nir <u>sprengjukas<\/u>ti\u00f0<\/p>\n<p>&nbsp;<\/p>\n","protected":false},"excerpt":{"rendered":"<p>Fyrsti ma\u00ed \u00c1ri\u00f0 1889 komu saman til fundar \u00ed Par\u00eds lei\u00f0togar verkal\u00fd\u00f0ssamtaka fr\u00e1 \u00fdmsum l\u00f6ndum, til d\u00e6mis Englandi, Frakklandi, \u00de\u00fdskalandi, R\u00fasslandi og Bandar\u00edkjunum svo einhver skulu nefnd. \u00deessi t\u00edmi og sta\u00f0ur var valinn \u00ed tilefni \u00feess a\u00f0 100 \u00e1r voru li\u00f0inn fr\u00e1 falli Bastillunar. Tilefni \u00feessa fundar var a\u00f0 skipuleggja verkal\u00fd\u00f0shreyfingar\u00a0 \u00ed vi\u00f0komandi l\u00f6ndum. T\u00edmasetningin \u00e1tti a\u00f0 minna \u00e1 bl\u00f3\u00f0ba\u00f0<\/p>\n","protected":false},"author":2,"featured_media":0,"parent":0,"menu_order":0,"comment_status":"closed","ping_status":"closed","template":"template-fullwidth.php","meta":[],"_links":{"self":[{"href":"http:\/\/korpulfar.is\/index.php?rest_route=\/wp\/v2\/pages\/15241"}],"collection":[{"href":"http:\/\/korpulfar.is\/index.php?rest_route=\/wp\/v2\/pages"}],"about":[{"href":"http:\/\/korpulfar.is\/index.php?rest_route=\/wp\/v2\/types\/page"}],"author":[{"embeddable":true,"href":"http:\/\/korpulfar.is\/index.php?rest_route=\/wp\/v2\/users\/2"}],"replies":[{"embeddable":true,"href":"http:\/\/korpulfar.is\/index.php?rest_route=%2Fwp%2Fv2%2Fcomments&post=15241"}],"version-history":[{"count":1,"href":"http:\/\/korpulfar.is\/index.php?rest_route=\/wp\/v2\/pages\/15241\/revisions"}],"predecessor-version":[{"id":15242,"href":"http:\/\/korpulfar.is\/index.php?rest_route=\/wp\/v2\/pages\/15241\/revisions\/15242"}],"wp:attachment":[{"href":"http:\/\/korpulfar.is\/index.php?rest_route=%2Fwp%2Fv2%2Fmedia&parent=15241"}],"curies":[{"name":"wp","href":"https:\/\/api.w.org\/{rel}","templated":true}]}}