{"id":15235,"date":"2022-03-17T22:48:28","date_gmt":"2022-03-17T22:48:28","guid":{"rendered":"https:\/\/www.korpulfar.is\/?page_id=15235"},"modified":"2022-03-17T22:48:28","modified_gmt":"2022-03-17T22:48:28","slug":"svartur-dagur","status":"publish","type":"page","link":"http:\/\/korpulfar.is\/?page_id=15235","title":{"rendered":"Svartur dagur"},"content":{"rendered":"<p><strong>Svartur dagur<\/strong><\/p>\n<p>dagurinn er svartur sem samviskan<\/p>\n<p>rigning \u00ed dag<\/p>\n<p>rigning \u00ed g\u00e6r<\/p>\n<p>rigning \u00ed fyrradag<\/p>\n<p>rigning \u00e1 morgun<\/p>\n<p>rigning hinn daginn<\/p>\n<p>rigning rigning rigning.<\/p>\n<p>&nbsp;<\/p>\n<p>\u00cd skugga samviskunnar<\/p>\n<p>felur dau\u00f0inn sig<\/p>\n<p>hann b\u00ed\u00f0ur r\u00f3legur<\/p>\n<p>hann veit a\u00f0 hann n\u00e6r \u00fe\u00e9r<\/p>\n<p>br\u00e1tt ver\u00f0ur \u00fe\u00fa \u00ed<\/p>\n<p>heims\u00f3kn hj\u00e1 honum<\/p>\n<p>\u00fe\u00e1 skipir ekki m\u00e1li<\/p>\n<p>hvort \u00fea\u00f0 er rigning<\/p>\n<p>&nbsp;<\/p>\n","protected":false},"excerpt":{"rendered":"<p>Svartur dagur dagurinn er svartur sem samviskan rigning \u00ed dag rigning \u00ed g\u00e6r rigning \u00ed fyrradag rigning \u00e1 morgun rigning hinn daginn rigning rigning rigning. &nbsp; \u00cd skugga samviskunnar felur dau\u00f0inn sig hann b\u00ed\u00f0ur r\u00f3legur hann veit a\u00f0 hann n\u00e6r \u00fe\u00e9r br\u00e1tt ver\u00f0ur \u00fe\u00fa \u00ed heims\u00f3kn hj\u00e1 honum \u00fe\u00e1 skipir ekki m\u00e1li hvort \u00fea\u00f0 er rigning &nbsp;<\/p>\n","protected":false},"author":2,"featured_media":0,"parent":0,"menu_order":0,"comment_status":"closed","ping_status":"closed","template":"","meta":[],"_links":{"self":[{"href":"http:\/\/korpulfar.is\/index.php?rest_route=\/wp\/v2\/pages\/15235"}],"collection":[{"href":"http:\/\/korpulfar.is\/index.php?rest_route=\/wp\/v2\/pages"}],"about":[{"href":"http:\/\/korpulfar.is\/index.php?rest_route=\/wp\/v2\/types\/page"}],"author":[{"embeddable":true,"href":"http:\/\/korpulfar.is\/index.php?rest_route=\/wp\/v2\/users\/2"}],"replies":[{"embeddable":true,"href":"http:\/\/korpulfar.is\/index.php?rest_route=%2Fwp%2Fv2%2Fcomments&post=15235"}],"version-history":[{"count":1,"href":"http:\/\/korpulfar.is\/index.php?rest_route=\/wp\/v2\/pages\/15235\/revisions"}],"predecessor-version":[{"id":15236,"href":"http:\/\/korpulfar.is\/index.php?rest_route=\/wp\/v2\/pages\/15235\/revisions\/15236"}],"wp:attachment":[{"href":"http:\/\/korpulfar.is\/index.php?rest_route=%2Fwp%2Fv2%2Fmedia&parent=15235"}],"curies":[{"name":"wp","href":"https:\/\/api.w.org\/{rel}","templated":true}]}}