{"id":14872,"date":"2022-01-11T17:41:31","date_gmt":"2022-01-11T17:41:31","guid":{"rendered":"https:\/\/www.korpulfar.is\/?page_id=14872"},"modified":"2022-01-11T17:43:12","modified_gmt":"2022-01-11T17:43:12","slug":"fall","status":"publish","type":"page","link":"http:\/\/korpulfar.is\/?page_id=14872","title":{"rendered":"Fall"},"content":{"rendered":"<p><strong><em>FALL<a href=\"http:\/\/www.korpulfar.is\/wp-content\/uploads\/2022\/01\/u\u0301lfur.png\"><img decoding=\"async\" loading=\"lazy\" class=\"alignleft size-full wp-image-14867\" src=\"http:\/\/www.korpulfar.is\/wp-content\/uploads\/2022\/01\/u\u0301lfur.png\" alt=\"\" width=\"73\" height=\"83\" \/><\/a><\/em><\/strong><\/p>\n<p>Bankarnir f\u00e9llu<\/p>\n<p>allt f\u00e9ll<\/p>\n<p>\u00fe\u00fa f\u00e9llst<\/p>\n<p>\u00e9g f\u00e9ll<\/p>\n<p>Bjarni g\u00e6salappi f\u00e9ll<\/p>\n<p>Sigmundur gl\u00f3pal\u00e1n f\u00e9ll<\/p>\n<p>Al\u00feingi f\u00e9ll<\/p>\n<p>\u00feingmenn f\u00e9llu<\/p>\n<p>i\u00f0na\u00f0urinn f\u00e9ll<\/p>\n<p>fyrirt\u00e6kin f\u00e9llu<\/p>\n<p>kr\u00f3nan f\u00e9ll<\/p>\n<p>sj\u00e1lfst\u00e6\u00f0i\u00f0 f\u00e9ll<\/p>\n<p>Frams\u00f3kn f\u00e9ll<\/p>\n<p>Borgarahreyfingin f\u00e9ll<\/p>\n<p>Samfylkingin f\u00e9ll<\/p>\n<p>allt \u00e1 einu augabrag\u00f0i f\u00e9ll<\/p>\n<p>stj\u00f3rnin f\u00e9ll<\/p>\n<p>&nbsp;<\/p>\n","protected":false},"excerpt":{"rendered":"<p>FALL Bankarnir f\u00e9llu allt f\u00e9ll \u00fe\u00fa f\u00e9llst \u00e9g f\u00e9ll Bjarni g\u00e6salappi f\u00e9ll Sigmundur gl\u00f3pal\u00e1n f\u00e9ll Al\u00feingi f\u00e9ll \u00feingmenn f\u00e9llu i\u00f0na\u00f0urinn f\u00e9ll fyrirt\u00e6kin f\u00e9llu kr\u00f3nan f\u00e9ll sj\u00e1lfst\u00e6\u00f0i\u00f0 f\u00e9ll Frams\u00f3kn f\u00e9ll Borgarahreyfingin f\u00e9ll Samfylkingin f\u00e9ll allt \u00e1 einu augabrag\u00f0i f\u00e9ll stj\u00f3rnin f\u00e9ll &nbsp;<\/p>\n","protected":false},"author":2,"featured_media":0,"parent":0,"menu_order":0,"comment_status":"closed","ping_status":"closed","template":"","meta":[],"_links":{"self":[{"href":"http:\/\/korpulfar.is\/index.php?rest_route=\/wp\/v2\/pages\/14872"}],"collection":[{"href":"http:\/\/korpulfar.is\/index.php?rest_route=\/wp\/v2\/pages"}],"about":[{"href":"http:\/\/korpulfar.is\/index.php?rest_route=\/wp\/v2\/types\/page"}],"author":[{"embeddable":true,"href":"http:\/\/korpulfar.is\/index.php?rest_route=\/wp\/v2\/users\/2"}],"replies":[{"embeddable":true,"href":"http:\/\/korpulfar.is\/index.php?rest_route=%2Fwp%2Fv2%2Fcomments&post=14872"}],"version-history":[{"count":1,"href":"http:\/\/korpulfar.is\/index.php?rest_route=\/wp\/v2\/pages\/14872\/revisions"}],"predecessor-version":[{"id":14873,"href":"http:\/\/korpulfar.is\/index.php?rest_route=\/wp\/v2\/pages\/14872\/revisions\/14873"}],"wp:attachment":[{"href":"http:\/\/korpulfar.is\/index.php?rest_route=%2Fwp%2Fv2%2Fmedia&parent=14872"}],"curies":[{"name":"wp","href":"https:\/\/api.w.org\/{rel}","templated":true}]}}