{"id":14621,"date":"2021-11-14T14:33:40","date_gmt":"2021-11-14T14:33:40","guid":{"rendered":"http:\/\/www.korpulfar.is\/?page_id=14621"},"modified":"2021-11-22T17:40:07","modified_gmt":"2021-11-22T17:40:07","slug":"gamalmennin","status":"publish","type":"page","link":"http:\/\/korpulfar.is\/?page_id=14621","title":{"rendered":"Gamalmennin"},"content":{"rendered":"<p style=\"text-align: center;\"><span style=\"font-size: 20px;\"><strong>Gamalmennin<\/strong><\/span><\/p>\n<p><a href=\"http:\/\/www.korpulfar.is\/wp-content\/uploads\/2021\/11\/Screenshot-2021-11-19-at-18.42.53-1.png\"><img decoding=\"async\" loading=\"lazy\" class=\"alignleft size-full wp-image-14662\" src=\"http:\/\/www.korpulfar.is\/wp-content\/uploads\/2021\/11\/Screenshot-2021-11-19-at-18.42.53-1.png\" alt=\"\" width=\"73\" height=\"83\" \/><\/a><\/p>\n<p>\u00deetta er p\u00edslarsaga gamalmenna \u00ed Grafarvogi. sem byrja\u00f0i einn s\u00f3lskinsdag \u00ed j\u00fal\u00ed \u00e1ri\u00f0 2014.<\/p>\n<p>\u00deeir f\u00e9lagarnir tveir eru h\u00e1tt \u00e1 \u00e1ttr\u00e6\u00f0is aldri og voru \u00e1 g\u00f6ngu \u00ed hverfinu s\u00ednu. Ve\u00f0ri\u00f0 var svona og svona, s\u00f3lskin en lei\u00f0inda strekkingur a\u00f0 nor\u00f0an. Hitinn \u00ed kringum 10 gr\u00e1\u00f0ur.<\/p>\n<p>&#8220;S\u00e9r\u00f0u \u00feetta segir annar \u00feeirra ?&#8221;<\/p>\n<p>&#8220;Ha hva\u00f0 ? &#8221; svarar hinn. &#8220;N\u00fa \u00feessa \u00fearna \u00e1 bikin\u00edinu &#8221; hann bendir \u00e1 svalir n\u00e6rliggjandi h\u00fass.<\/p>\n<p>&#8220;\u00deetta er n\u00fa bara ekki h\u00e6gt \u00e1 bikin\u00edi \u00ed \u00feessu roki og hitastigi\u00f0 eins og \u00fea\u00f0 er, \u00feetta er ekki nein sm\u00e1 skv\u00edsa.&#8221;<\/p>\n<p>\u00deeir t\u00f3ku ekki eftir \u00fev\u00ed alveg starx a\u00f0 \u00fea\u00f0 var glerverk fyrir sv\u00f6lunum.<\/p>\n<p>&#8220;S\u00e9r\u00f0u ma\u00f0ur, \u00fea\u00f0 er gler fyrir sv\u00f6lunum, \u00fe\u00e1 er bara logn \u00e1 \u00feeim, og s\u00f3lin sk\u00edn \u00e1 kroppinn hennar, \u00e6tli s\u00e9 bara ekki Majorkave\u00f0ur \u00fearna \u00e1 sv\u00f6lunum ?&#8221;<\/p>\n<p>\u00dea\u00f0 er bara glerverk fyrir tvennum sv\u00f6lum, ef til vill er bara ekki b\u00fai\u00f0 a\u00f0 setja glerverk \u00e1 hinar 18 svalirnar \u00e1 h\u00fasinu.<\/p>\n<p>&#8220;Vi\u00f0 \u00e6ttum a\u00f0 l\u00e1ta gera svona hj\u00e1 okkur&#8221; segir anna\u00f0 gamalmenni\u00f0.<\/p>\n<p>&#8220;Hva\u00f0 \u00e6tli \u00feetta kosti ?&#8221;<\/p>\n<p>&#8220;\u00c6tli ma\u00f0ur geti ekki keypt \u00feetta \u00ed B\u00cdK\u00d3 e\u00f0a BAUHAUS.?&#8221;<\/p>\n<p>Svo fer a\u00f0 \u00feeir finna fyrirt\u00e6ki sem selur svona glerverk.<\/p>\n<p>&#8220;Vi\u00f0 erum a\u00f0 sp\u00e1 \u00ed glerverk fyrir svalirnar hj\u00e1 okkur&#8221; segja \u00feeir.<\/p>\n<p>&#8220;Ekkert m\u00e1l \u00fei\u00f0 \u00feurfi\u00f0 bara a\u00f0 l\u00e1ta teikna glerverki\u00f0 og f\u00e1 svo byggingarkal\u00edfati\u00f0 \u00ed Borgart\u00fani til a\u00f0 sam\u00feykkja teikningarnar.&#8221;<\/p>\n<p>\u00deeir hafa upp \u00e1 teiknaranum sem teikna\u00f0i h\u00fasi\u00f0, og f\u00e1 hann til a\u00f0 teikna glerverkin, sem eru st\u00f6\u00f0lu\u00f0 g\u00e6\u00f0averk fr\u00e1 \u00de\u00fdskalandi. Teiknarinn telur heppilegra a\u00f0 teikna \u00e1 allar svalirnar, eftir a\u00f0 uppl\u00fdsingar fr\u00e1 Kal\u00edfatinu \u00ed Borgart\u00fani um efasemdir um sam\u00feykki teikninga fyrir tvennar svalir haf\u00f0i borist teiknaranum.<\/p>\n<p>&nbsp;<\/p>\n<p><strong>Pass\u00eda gamalmennanna.<\/strong><\/p>\n<p>\u00dea\u00f0 voru haldnir fundir og svo fleiri fundir og enn a\u00f0rir fundir um \u00feetta fl\u00f3kna m\u00e1l hj\u00e1 Kal\u00edfatinu. Vi\u00f0 t\u00f6ldum a\u00f0 \u00fea\u00f0 hafi \u00feurft a\u00f0 hella upp\u00e1 k\u00f6nnuna minnsta kost fimm sinnum. Svo f\u00e6ddist reikningur fyrir byggingarleyfi og \u00fattektir fyrir 20 glerverkum.<\/p>\n<p>Gamalmennin vissu ekki sitt rj\u00fakandi r\u00e1\u00f0, en h\u00f6f\u00f0u samband vi\u00f0 Kal\u00edfati\u00f0 \u00ed Borgart\u00fani, og n\u00f6ldru\u00f0u yfir \u00feessari afgrei\u00f0slu. \u00deeir s\u00f6g\u00f0u eins og var, \u00fea\u00f0 hafi bara veri\u00f0 tv\u00f6 glerverk \u00e1 sv\u00f6lum h\u00fassins sem skv\u00edsan var \u00e1, af m\u00f6rgum sv\u00f6lum.<\/p>\n<p>Svar Kal\u00edfatsins var \u00a0&#8220;borgar ekki h\u00fasf\u00e9lagi\u00f0?&#8221; \u00a0Var\u00f0andi glerverkin sem skv\u00edsurnar voru bakvi\u00f0, sag\u00f0i kal\u00edfati\u00f0. \u00deessi\u00a0 glerverk sem \u00fei\u00f0<\/p>\n<p>s\u00e1u\u00f0 skv\u00edsuna innan vi\u00f0, g\u00e6ti hafa veri\u00f0 gert \u00ed \u00f3leyfi Kal\u00edfatsins.<\/p>\n<p>&#8220;En vi\u00f0 erum bara tveir sem \u00e6tlum a\u00f0 f\u00e1 okkur glerverk,&#8221; s\u00f6g\u00f0u gamalmennin.<\/p>\n<p>\u00deeir vissu ekki a\u00f0 Kal\u00edfinn sem b\u00fdr \u00ed Borgart\u00fani r\u00e9\u00f0i yfir svona vo\u00f0averkum \u00ed Reykjav\u00edk eins og glerverki \u00e1 svalir. Heldur ekki a\u00f0 Sold\u00e1ninn \u00a0v\u00e6ri b\u00fasettur vi\u00f0 tj\u00f6rnina \u00ed h\u00f6ll sem heitir R\u00e1\u00f0ah\u00fas.<\/p>\n<p>Hva\u00f0 geta gamalmenni gert \u00feegar Kal\u00edfati\u00f0 er annarsvegar ?<\/p>\n<p>&#8220;Ver\u00f0um vi\u00f0 ekki bara krossfestir ?&#8221; sag\u00f0i anna\u00f0 gamalmenni\u00f0.<\/p>\n<p>&#8220;J\u00fa \u00e1r\u00e6\u00f0anlega nema vi\u00f0 fl\u00fdjum Kal\u00edfati\u00f0&#8221; sag\u00f0i hitt gamalmenni\u00f0.<\/p>\n<p>&#8220;\u00deeir eru v\u00edst \u00ed verkfalli sem sj\u00e1 um flutninga fr\u00e1 Kal\u00edfatinu, svo vi\u00f0 ver\u00f0um bara a\u00f0 leggjast \u00e1 b\u00e6n, og skrifa svo Sold\u00e1ninum \u00a0kv\u00f6rtunar br\u00e9f&#8221; sag\u00f0i anna\u00f0 gamalmenni\u00f0. &#8220;Amen&#8221; sag\u00f0i hitt gamalmenni\u00f0.<\/p>\n<p>\u00deetta er n\u00fa bara b\u00fai\u00f0 a\u00f0 taka eitt \u00e1r. &#8220;G\u00e6tum vi\u00f0 fengi\u00f0 UMBA borgarb\u00faa til a\u00f0 tala m\u00e1li okkar vi\u00f0 Kal\u00edfati\u00f0, hann er \u00f3keypis, og er s\u00e9rfr\u00e6\u00f0ingur um svona m\u00e1l.&#8221;<\/p>\n<p>N\u00fa sn\u00faa gamalmennin s\u00e9r til UMBA borgarb\u00faa og sk\u00fdra sitt m\u00e1l. UMBI segir \u00feegar gamalmennin hafa loki\u00f0 s\u00ednum sk\u00fdringum. &#8220;\u00feetta er ekkert m\u00e1l eitt s\u00edmtal vi\u00f0 Kal\u00edfan \u00ed Borgart\u00fani &#8220;copy paste&#8221; og m\u00e1li\u00f0 er leyst&#8221;<\/p>\n<p>T\u00edminn l\u00ed\u00f0ur Kal\u00edfati\u00f0 sendir eitthvert bull til UMBA um a\u00f0 \u00feeir <u>munu hafa<\/u> l\u00e1ti\u00f0 teiknara s\u00edna lei\u00f0beina eitthva\u00f0 var\u00f0andi \u00feessi glerverk. Gamalmennin spur\u00f0u hvorn annan &#8220;var \u00fe\u00e9r lei\u00f0beint?&#8221; \u00a0&#8220;Nei&#8221; var svar \u00feeirra beggja. \u00a0Hverjum var lei\u00f0beint og hverjar voru lei\u00f0beiningarnar ?<\/p>\n<p>\u00cd \u00fatvarpinu var veri\u00f0 a\u00f0 segja fr\u00e1 aldri f\u00f3lks um v\u00ed\u00f0a ver\u00f6ld. &#8220;heyr\u00f0ir \u00fe\u00fa \u00feetta?&#8221; spur\u00f0i anna\u00f0, gamalmenni\u00f0. &#8220;Heyr\u00f0i hva\u00f0?&#8221; svarar hitt gamalmenni\u00f0.<\/p>\n<p>&#8220;N\u00fa \u00feetta me\u00f0 me\u00f0alaldur okkar karl-gamalmenna \u00e1 \u00cdslandi.&#8221;<\/p>\n<p>&#8220;Nei hva\u00f0 me\u00f0 \u00fea\u00f0 ?&#8221;<\/p>\n<p>&#8220;N\u00fa hann er 76,6 \u00e1r ef \u00e9g hef teki\u00f0 r\u00e9tt eftir. &#8221;<\/p>\n<p>&#8221; \u00c6 \u00e6 \u00fe\u00e1 erum vi\u00f0 a\u00f0 falla \u00e1 t\u00edma me\u00f0 \u00feessi glerverk okkar.&#8221;<\/p>\n<p>&#8220;\u00c9g s\u00e9 ekki betur en vi\u00f0 ver\u00f0um a\u00f0 senda Kal\u00edfatinu afs\u00f6kunarbey\u00f0ni og bi\u00f0jast afs\u00f6kunar \u00e1 \u00feessari \u00f3sv\u00edfni okkar a\u00f0 fara fram \u00e1 a\u00f0 f\u00e1 a\u00f0 byggja \u00feessi \u00a0glerverk.&#8221; Hva\u00f0 me\u00f0 hina 18?&#8221; spyr hinn gamlinginn.<\/p>\n<p>&#8220;Ef vi\u00f0 skiljum \u00feetta r\u00e9tt \u00fe\u00e1 f\u00e1 \u00feeir allara n\u00e1\u00f0arsalega a\u00f0 borga dagsektir eftir tv\u00f6 \u00e1r.&#8221;<\/p>\n<p>&#8220;Ja h\u00e9rna m\u00e9r datt \u00feetta \u00ed hug&#8221; sag\u00f0i anna\u00f0 gamalmenni\u00f0.<\/p>\n<p>&#8220;Eigum vi\u00f0 ekki a\u00f0 spyrja UMBA borgarb\u00faa einu sinni enn hvort ekki s\u00e9 h\u00e6gt a\u00f0 lei\u00f0r\u00e9tta \u00feessa leyfisveitingu sem vi\u00f0 b\u00e1\u00f0um ekki um ? UMBI borgarb\u00faa sag\u00f0i a\u00f0 \u00feetta v\u00e6ri bara eitt s\u00edmtal og svo &#8220;copy paste&#8221;, og allt v\u00e6ri eins og vi\u00f0 \u00f3sku\u00f0um.&#8221;<\/p>\n<p>Hringing fr\u00e1 UMBA borgarb\u00faa til annars gamlingjans f\u00f3l \u00ed s\u00e9r ni\u00f0urst\u00f6\u00f0u hans sem kom gamlingjunum \u00a0\u00e1 \u00f3vart svo ekki s\u00e9 meira sagt.<\/p>\n<p>UMBI borgarb\u00faa sag\u00f0i a\u00f0 best v\u00e6ri fyrir okkur gamalmennin a\u00f0 s\u00e6tta okkur vi\u00f0 or\u00f0inn hlut ! og vera ekki a\u00f0 r\u00edfa kjaft. &#8220;Hva\u00f0 me\u00f0 \u00feetta s\u00edmtal vi\u00f0 Kal\u00edfann sem \u00fe\u00fa sag\u00f0ir a\u00f0 myndi kippa \u00f6llu \u00ed lag,&#8221; spur\u00f0i gamlinginn.<\/p>\n<p>&#8220;Ha hva\u00f0a s\u00edmtal?&#8221; sag\u00f0i UMBI.<\/p>\n<p>&#8221; N\u00fa \u00feetta sem \u00fe\u00fa minntist \u00e1 \u00e1 fundinum sem vi\u00f0 \u00e1ttum me\u00f0 \u00fe\u00e9r, \u00fe\u00fa sag\u00f0ir eitt s\u00edmtal vi\u00f0 Kal\u00edfann i Borgart\u00fani v\u00e6ri n\u00f3g til a\u00f0 lei\u00f0r\u00e9tta \u00feessa dellu me\u00f0 \u00f3tal byggingarleyfi fyrir glerverkum sem enginn s\u00f3tti um byggingarleyfi fyrir.<\/p>\n<p>&#8220;En hva\u00f0 me\u00f0 h\u00f3tanirnar sem fylgdu byggingarleyfinu sem vi\u00f0 s\u00f3ttum ekki um, \u00fear er \u00feeim sem ekki kl\u00e1ra byggingu glerverka innan tveggja \u00e1ra h\u00f3ta\u00f0 dagsektum?&#8221;<\/p>\n<p>&#8220;Iss \u00fea\u00f0 er ekkert a\u00f0 marka \u00fe\u00e6r, Kal\u00edfati\u00f0 er ekkert a\u00f0 ganga eftir umsvolei\u00f0is vitleysu, og ef eitthva\u00f0 svolei\u00f0is kemur upp, \u00fe\u00e1 bara t\u00f6kum vi\u00f0 \u00e1 \u00fev\u00ed \u00feegar \u00fear a\u00f0 kemur.&#8221;<\/p>\n<p>En hva\u00f0 me\u00f0 spurninguna um hver s\u00f3tti um byggingaleyfi fyrir \u00f6llum \u00feessum svalaskj\u00f3lum?&#8221; spur\u00f0i gamalmenni\u00f0.<\/p>\n<p>&#8220;Humm ja \u00fea\u00f0 er n\u00fa \u00fea\u00f0,&#8221; svara\u00f0i UMBI borgarb\u00faa.<\/p>\n<p>&#8220;Hver f\u00e9kk lei\u00f0beiningar fr\u00e1 Kal\u00edfatinu og hverjar voru \u00fe\u00e6r lei\u00f0beiningar?&#8221; spur\u00f0i gamlinginn.<\/p>\n<p>&#8220;Humm ja \u00fea\u00f0 er n\u00fa \u00fea\u00f0&#8221; svara\u00f0i UMBI borgarb\u00faa.<\/p>\n<p>N\u00fa fara gamalmennin \u00ed b\u00edlsk\u00farinn heima hj\u00e1 \u00f6\u00f0ru gamalmenninu, og f\u00e1 s\u00e9r kollu.<\/p>\n<p>&#8220;Heyr\u00f0u &#8221; segir annar gamlinginn, &#8220;\u00fea\u00f0 er v\u00edst til annar UMBI.&#8221; &#8220;Hva\u00f0a UMBI er \u00fea\u00f0?&#8221; spyr hitt gamalmenni\u00f0. &#8220;Ertu ekki bara farinn a\u00f0 finna \u00e1 \u00fe\u00e9r.&#8221; Nei nei \u00e9g heyr\u00f0i \u00feetta \u00ed str\u00e6t\u00f3. \u00dea\u00f0 voru einhverjar kerlingar a\u00f0 tala um \u00fea\u00f0, \u00fat af \u00fev\u00ed a\u00f0 \u00fe\u00e6r h\u00f6f\u00f0u leita\u00f0 til sama UMBA og vi\u00f0. \u00d6nnur sag\u00f0i a\u00f0 \u00feessi UMBI borgarb\u00faa r\u00e9\u00f0i ekkert vi\u00f0 Kal\u00edfati\u00f0 \u00ed Borgart\u00fani, hann g\u00e6ti bara \u00farskur\u00f0a\u00f0 um tekex \u00fathlutanir til f\u00e1t\u00e6klinga, hvort s\u00e1 sem kvartar eigi r\u00e9tt \u00e1 tveimur e\u00f0a \u00feremur kexp\u00f6kkum fr\u00e1 f\u00e1t\u00e6krahj\u00e1lpinni.&#8221;<\/p>\n<p>&#8220;En h\u00fan var eitthva\u00f0 a\u00f0 tala um UMBA-AL\u00deINGIS \u00fea\u00f0 v\u00e6ri sko UMBI \u00ed lagi, kynni allt lagasafni\u00f0 utana\u00f0 og l\u00edka helling af danska lagasafninu.&#8221; &#8220;Heldur \u00fe\u00fa a\u00f0 hann r\u00e1\u00f0i eitthva\u00f0 vi\u00f0 Kal\u00edfann \u00ed Borgart\u00fani?&#8221;<\/p>\n<p>&#8220;Ekki gott a\u00f0 segja, vi\u00f0 \u00e6ttum \u00feegar rennur af okkur, a\u00f0 hafa samband vi\u00f0 \u00feennan UMBA-AL\u00deINGIS. &#8221;<\/p>\n<p>&nbsp;<\/p>\n<p>N\u00fa G\u00faggla \u00feeir \u00feennan UMBA-AL\u00deINGIS, G\u00faggul segir a\u00f0 hann s\u00e9 r\u00e9tti ma\u00f0urinn fyrir \u00fe\u00e1 a\u00f0 n\u00f6ldra \u00ed, fyrst UMBI borgarb\u00faa hafi veri\u00f0 l\u00e1tinn b\u00edta gras af Kal\u00edfatinu \u00ed Borgart\u00fani.<\/p>\n<p>Gamalmennin setja n\u00fa saman br\u00e9f til UMBA-AL\u00deINGIS. \u00cd \u00fev\u00ed l\u00fdsa \u00feeir atbur\u00f0ar\u00e1s vi\u00f0skipta sinna vi\u00f0 Kal\u00edfati\u00f0 \u00ed Borgart\u00fani og hvernig UMBI borgarb\u00faa hafi ekki r\u00e1\u00f0i\u00f0 vi\u00f0 Kal\u00edfati\u00f0 og sagt okkur bara a\u00f0 h\u00e6tta \u00feessu n\u00f6ldri.<\/p>\n<p>\u00deeir eru b\u00fanir me\u00f0 \u00f6li\u00f0 \u00feegar UMBI-AL\u00deINGIS hefur samband og vill f\u00e1 t\u00edmasetningar \u00e1 atbur\u00f0um.<\/p>\n<p>\u00deeir setja saman br\u00e9f sem s\u00fdnir atbur\u00f0ar\u00e1sina me\u00f0 dagsetningum.<\/p>\n<p>Fr\u00e9ttir berast fr\u00e1 UMBA-AL\u00deINGIS, \u00feess efnis a\u00f0 hann UMBI hafi sent fyrirspurn til Kal\u00edfatsins og gefi\u00f0 \u00fev\u00ed frest til 15. n\u00f3vember 2014 til a\u00f0 svara fyrir sig, og gefa sk\u00fdringar var\u00f0andi n\u00f6ldri\u00f0 \u00ed \u00feessum gamlingjum.<\/p>\n<p>\u00deegar engin sv\u00f6r h\u00f6f\u00f0u borist fr\u00e1 Kal\u00edfatinu, sendi UMBI \u00edtrekun sem Kal\u00edfati\u00f0 svara\u00f0i ekki heldur. UMBI gefst ekki upp og sendi enn \u00edtrekun.<\/p>\n<p>22.febr\u00faar 2015 ske\u00f0ur \u00fea\u00f0 a\u00f0 anna\u00f0 gamalmenni\u00f0 f\u00e6r hringingu fr\u00e1 Kal\u00edfatinu. Erindi Kal\u00edfatsins er a\u00f0 f\u00e1 gamlingjanna \u00e1 fund til s\u00edn \u00ed Kal\u00edfati\u00f0 til a\u00f0 \u00fatklj\u00e1 \u00feetta fl\u00f3kna svalaskj\u00f3lsm\u00e1l. Fundur me\u00f0 Kal\u00edfatinu er \u00e1kve\u00f0inn 6.mars 2015 kl. 11:00 \u00ed h\u00f6fu\u00f0st\u00f6\u00f0vum Kal\u00edfatsins a\u00f0 Borgart\u00fani eitthva\u00f0.<\/p>\n<p>Gamlingjarnir m\u00e6ta \u00ed Kal\u00edfati\u00f0 \u00e1 tilsettum t\u00edma. \u00dear tekur \u00e1 m\u00f3ti \u00feeim ma\u00f0ur sem titlar sig l\u00f6gfr\u00f3\u00f0an en er a\u00f0 tign, Imam og n\u00e6str\u00e1\u00f0andi Kal\u00edfans.<\/p>\n<p>Imam \u00feessi segir gamlingjunum a\u00f0 ekki s\u00e1 h\u00e6gt a\u00f0 afturkalla leyfi sem einu sinni s\u00e9 b\u00fai\u00f0 a\u00f0 gefa \u00fat. \u00deeir s\u00e9u me\u00f0 svo gamla \u00fatg\u00e1fu af exel a\u00f0 forriti\u00f0 r\u00e1\u00f0i ekki vi\u00f0 \u00fea\u00f0.<\/p>\n<p>Svo er l\u00edka b\u00fai\u00f0 a\u00f0 fjarl\u00e6gja takkann sem h\u00e9t einu sinni &#8220;del&#8221; e\u00f0a eitthva\u00f0 svolei\u00f0is.<\/p>\n<p>Imaminn leggur n\u00fa fyrir gamlingjanna fl\u00f3kna reikninga um hvernig Kal\u00edfinn hugsi s\u00e9r a\u00f0 leysa \u00feetta fl\u00f3kna leyfism\u00e1l. Gamlingjarnir hlusta og sannf\u00e6rast a\u00f0 lokum um a\u00f0 einfaldast s\u00e9 a\u00f0 segja bara j\u00e1 takk, \u00fev\u00ed \u00feeir s\u00e1u fram \u00e1 a\u00f0 \u00feeim entist ekki aldur til a\u00f0 f\u00e1 \u00feetta lei\u00f0r\u00e9tt.<\/p>\n<p>N\u00fa var gert samkomulag um endurgrei\u00f0slu og ni\u00f0urfellingu gjalda.<\/p>\n<p>Imaminn sag\u00f0i, a\u00f0 ef exel leyf\u00f0i myndi hluti endurgrei\u00f0slunnar ganga \u00e1 m\u00f3ti \u00fev\u00ed leyfi sem gamlingjarnir vildu a\u00f0 v\u00e6ri \u00ed gildi \u00fea\u00f0 er leyfi fyrir tveimur glerverkum.<\/p>\n<p>6.mars 2015 var \u00feetta samkomulag gert vi\u00f0 Imaminn l\u00f6gfr\u00f3\u00f0a.<\/p>\n<p>\u00deegar \u00feetta er skrifa\u00f0 5. Ma\u00ed 2015, hafa engar endurgrei\u00f0slur borist til \u00feeirra gamlingjanna tveggja.<\/p>\n<p>En aftur \u00e1 m\u00f3ti barst til gamlingjanna br\u00e9f fr\u00e1 UMBA AL\u00deINGIS \u00feess efnis a\u00f0 m\u00e1li\u00f0 v\u00e6ri leyst.<\/p>\n<p>Ja h\u00e9rna h\u00e9r, svona getur l\u00edfi\u00f0 veri\u00f0.<\/p>\n<p><a href=\"http:\/\/www.korpulfar.is\/wp-content\/uploads\/2021\/11\/Screenshot-2021-11-14-at-09.59.29.png\"><img decoding=\"async\" loading=\"lazy\" class=\"alignleft wp-image-14643\" src=\"http:\/\/www.korpulfar.is\/wp-content\/uploads\/2021\/11\/Screenshot-2021-11-14-at-09.59.29.png\" alt=\"\" width=\"102\" height=\"119\" srcset=\"http:\/\/www.korpulfar.is\/wp-content\/uploads\/2021\/11\/Screenshot-2021-11-14-at-09.59.29.png 360w, http:\/\/www.korpulfar.is\/wp-content\/uploads\/2021\/11\/Screenshot-2021-11-14-at-09.59.29-257x300.png 257w\" sizes=\"(max-width: 102px) 100vw, 102px\" \/><\/a><\/p>\n<p>&nbsp;<\/p>\n<p>&nbsp;<\/p>\n<p>&nbsp;<\/p>\n<p><a href=\"http:\/\/www.korpulfar.is\/wp-content\/uploads\/2021\/11\/Screenshot-2021-11-14-at-13.13.27-1.png\"><img decoding=\"async\" loading=\"lazy\" class=\"wp-image-14641 alignright\" src=\"http:\/\/www.korpulfar.is\/wp-content\/uploads\/2021\/11\/Screenshot-2021-11-14-at-13.13.27-1.png\" alt=\"\" width=\"333\" height=\"224\" \/><\/a><\/p>\n<p>&nbsp;<\/p>\n<p>&nbsp;<\/p>\n<p>khilafath(n).is<\/p>\n<p>Eftir \u00e1 a\u00f0 hyggja.<\/p>\n<p>&nbsp;<\/p>\n<p>\u00d3skar og Torfi eru b\u00e1\u00f0ir \u00e1 hvolfi,<\/p>\n<p>lj\u00f3skan ekki alltof sk\u00fdr.<\/p>\n<p>Heimta s\u00edfellt meira af torfi,<\/p>\n<p>skelfing er dygg\u00f0in r\u00fdr.<\/p>\n<p>&nbsp;<\/p>\n<p>&#8220;Hva\u00f0 finnst \u00fe\u00e9r um \u00feetta?&#8221; sag\u00f0i hitt gamalmenni\u00f0.<\/p>\n<p>&nbsp;<\/p>\n<p>\u00d3skar og Torfi skipar skyldu \u00fe\u00e1,<\/p>\n<p>skulum v\u00e9r allir j\u00f6r\u00f0u \u00e1<\/p>\n<p>kunngj\u00f6ra \u00fea\u00f0 torf me\u00f0 d\u00f6prum hug,<\/p>\n<p>sem Kal\u00edfinn fyrir oss auma sau\u00f0.<\/p>\n<p>&nbsp;<\/p>\n<p>Innra mig loksins angri\u00f0 sker,<\/p>\n<p>\u00e6, hva\u00f0 er l\u00edtil r\u00e6kt \u00ed m\u00e9r.<\/p>\n<p>\u00d3skartorfi er kvalinn \u00ed minn sta\u00f0.<\/p>\n<p>Of sjaldan hef \u00e9g minnst \u00e1 \u00fea\u00f0.<\/p>\n<p>&nbsp;<\/p>\n<p>&#8220;Er \u00feetta ekki bara einhverskonar pass\u00edus\u00e1lmur ?&#8221;<\/p>\n","protected":false},"excerpt":{"rendered":"<p>Gamalmennin \u00deetta er p\u00edslarsaga gamalmenna \u00ed Grafarvogi. sem byrja\u00f0i einn s\u00f3lskinsdag \u00ed j\u00fal\u00ed \u00e1ri\u00f0 2014. \u00deeir f\u00e9lagarnir tveir eru h\u00e1tt \u00e1 \u00e1ttr\u00e6\u00f0is aldri og voru \u00e1 g\u00f6ngu \u00ed hverfinu s\u00ednu. Ve\u00f0ri\u00f0 var svona og svona, s\u00f3lskin en lei\u00f0inda strekkingur a\u00f0 nor\u00f0an. Hitinn \u00ed kringum 10 gr\u00e1\u00f0ur. &#8220;S\u00e9r\u00f0u \u00feetta segir annar \u00feeirra ?&#8221; &#8220;Ha hva\u00f0 ? &#8221; svarar hinn. &#8220;N\u00fa \u00feessa<\/p>\n","protected":false},"author":2,"featured_media":0,"parent":0,"menu_order":0,"comment_status":"closed","ping_status":"closed","template":"","meta":[],"_links":{"self":[{"href":"http:\/\/korpulfar.is\/index.php?rest_route=\/wp\/v2\/pages\/14621"}],"collection":[{"href":"http:\/\/korpulfar.is\/index.php?rest_route=\/wp\/v2\/pages"}],"about":[{"href":"http:\/\/korpulfar.is\/index.php?rest_route=\/wp\/v2\/types\/page"}],"author":[{"embeddable":true,"href":"http:\/\/korpulfar.is\/index.php?rest_route=\/wp\/v2\/users\/2"}],"replies":[{"embeddable":true,"href":"http:\/\/korpulfar.is\/index.php?rest_route=%2Fwp%2Fv2%2Fcomments&post=14621"}],"version-history":[{"count":4,"href":"http:\/\/korpulfar.is\/index.php?rest_route=\/wp\/v2\/pages\/14621\/revisions"}],"predecessor-version":[{"id":14665,"href":"http:\/\/korpulfar.is\/index.php?rest_route=\/wp\/v2\/pages\/14621\/revisions\/14665"}],"wp:attachment":[{"href":"http:\/\/korpulfar.is\/index.php?rest_route=%2Fwp%2Fv2%2Fmedia&parent=14621"}],"curies":[{"name":"wp","href":"https:\/\/api.w.org\/{rel}","templated":true}]}}